CRAN Package Check Results for Package camtrapR

Last updated on 2020-08-10 15:47:48 CEST.

Flavor Version Tinstall Tcheck Ttotal Status Flags
r-devel-linux-x86_64-debian-clang 2.0.3 21.23 212.21 233.44 OK
r-devel-linux-x86_64-debian-gcc 2.0.3 18.65 158.11 176.76 OK
r-devel-linux-x86_64-fedora-clang 2.0.3 280.61 NOTE
r-devel-linux-x86_64-fedora-gcc 2.0.3 275.89 OK
r-devel-windows-ix86+x86_64 2.0.3 45.00 339.00 384.00 NOTE
r-patched-linux-x86_64 2.0.3 19.51 205.13 224.64 OK
r-patched-solaris-x86 2.0.3 276.20 NOTE --no-vignettes
r-release-linux-x86_64 2.0.3 20.76 203.96 224.72 OK
r-release-macos-x86_64 2.0.3 NOTE
r-release-windows-ix86+x86_64 2.0.3 51.00 364.00 415.00 NOTE
r-oldrel-macos-x86_64 2.0.3 NOTE
r-oldrel-windows-ix86+x86_64 2.0.3 29.00 235.00 264.00 NOTE

Check Details

Version: 2.0.3
Check: installed package size
Result: NOTE
     installed size is 8.6Mb
     sub-directories of 1Mb or more:
     doc 4.0Mb
     pictures 4.0Mb
Flavors: r-devel-linux-x86_64-fedora-clang, r-devel-windows-ix86+x86_64, r-release-macos-x86_64, r-release-windows-ix86+x86_64, r-oldrel-macos-x86_64, r-oldrel-windows-ix86+x86_64

Version: 2.0.3
Check: Rd cross-references
Result: NOTE
    Undeclared package ‘plotrix’ in Rd xrefs
Flavor: r-devel-linux-x86_64-fedora-clang

Version: 2.0.3
Flags: --no-vignettes
Check: installed package size
Result: NOTE
     installed size is 8.7Mb
     sub-directories of 1Mb or more:
     doc 4.2Mb
     pictures 3.7Mb
Flavor: r-patched-solaris-x86