CRAN Package Check Results for Package calendR

Last updated on 2023-02-01 03:54:09 CET.

Flavor Version Tinstall Tcheck Ttotal Status Flags
r-devel-linux-x86_64-debian-clang 1.1 6.59 65.82 72.41 NOTE
r-devel-linux-x86_64-debian-gcc 1.1 6.51 49.74 56.25 NOTE
r-devel-linux-x86_64-fedora-clang 1.1 95.63 NOTE
r-devel-linux-x86_64-fedora-gcc 1.1 87.59 NOTE
r-devel-windows-x86_64 1.1 17.00 95.00 112.00 NOTE
r-patched-linux-x86_64 1.1 7.17 67.96 75.13 NOTE
r-release-linux-x86_64 1.1 7.40 69.47 76.87 NOTE
r-release-macos-arm64 1.1 30.00 NOTE
r-release-macos-x86_64 1.1 60.00 NOTE
r-release-windows-x86_64 1.1 18.00 102.00 120.00 NOTE
r-oldrel-macos-arm64 1.1 32.00 NOTE
r-oldrel-macos-x86_64 1.1 43.00 NOTE
r-oldrel-windows-ix86+x86_64 1.1 19.00 86.00 105.00 NOTE

Check Details

Version: 1.1
Check: LazyData
Result: NOTE
     'LazyData' is specified without a 'data' directory
Flavors: r-devel-linux-x86_64-debian-clang, r-devel-linux-x86_64-debian-gcc, r-devel-linux-x86_64-fedora-clang, r-devel-linux-x86_64-fedora-gcc, r-devel-windows-x86_64, r-patched-linux-x86_64, r-release-linux-x86_64, r-release-macos-arm64, r-release-macos-x86_64, r-release-windows-x86_64, r-oldrel-macos-arm64, r-oldrel-macos-x86_64, r-oldrel-windows-ix86+x86_64