Last updated on 2023-02-06 03:54:25 CET.
Flavor | Version | Tinstall | Tcheck | Ttotal | Status | Flags |
---|---|---|---|---|---|---|
r-devel-linux-x86_64-debian-clang | 0.3.0 | 6.69 | 64.98 | 71.67 | NOTE | |
r-devel-linux-x86_64-debian-gcc | 0.3.0 | 5.44 | 47.84 | 53.28 | NOTE | |
r-devel-linux-x86_64-fedora-clang | 0.3.0 | 95.18 | NOTE | |||
r-devel-linux-x86_64-fedora-gcc | 0.3.0 | 96.58 | NOTE | |||
r-devel-windows-x86_64 | 0.3.0 | 21.00 | 106.00 | 127.00 | NOTE | |
r-patched-linux-x86_64 | 0.3.0 | 6.97 | 63.02 | 69.99 | NOTE | |
r-release-linux-x86_64 | 0.3.0 | 6.46 | 63.48 | 69.94 | NOTE | |
r-release-macos-arm64 | 0.3.0 | 32.00 | NOTE | |||
r-release-macos-x86_64 | 0.3.0 | 62.00 | NOTE | |||
r-release-windows-x86_64 | 0.3.0 | 25.00 | 112.00 | 137.00 | NOTE | |
r-oldrel-macos-arm64 | 0.3.0 | 285.00 | NOTE | |||
r-oldrel-macos-x86_64 | 0.3.0 | 57.00 | NOTE | |||
r-oldrel-windows-ix86+x86_64 | 0.3.0 | 17.00 | 111.00 | 128.00 | NOTE |
Version: 0.3.0
Check: LazyData
Result: NOTE
'LazyData' is specified without a 'data' directory
Flavors: r-devel-linux-x86_64-debian-clang, r-devel-linux-x86_64-debian-gcc, r-devel-linux-x86_64-fedora-clang, r-devel-linux-x86_64-fedora-gcc, r-devel-windows-x86_64, r-patched-linux-x86_64, r-release-linux-x86_64, r-release-macos-arm64, r-release-macos-x86_64, r-release-windows-x86_64, r-oldrel-macos-arm64, r-oldrel-macos-x86_64, r-oldrel-windows-ix86+x86_64