CRAN Package Check Results for Package bzinb

Last updated on 2022-09-25 15:56:38 CEST.

Flavor Version Tinstall Tcheck Ttotal Status Flags
r-devel-linux-x86_64-debian-clang 1.0.4 54.60 41.75 96.35 WARN
r-devel-linux-x86_64-debian-gcc 1.0.4 37.72 32.08 69.80 NOTE
r-devel-linux-x86_64-fedora-clang 1.0.4 129.37 WARN
r-devel-linux-x86_64-fedora-gcc 1.0.4 116.30 NOTE
r-devel-windows-x86_64 1.0.4 43.00 88.00 131.00 NOTE
r-patched-linux-x86_64 1.0.4 44.11 40.25 84.36 NOTE
r-release-linux-x86_64 1.0.4 44.89 39.91 84.80 NOTE
r-release-macos-arm64 1.0.4 31.00 NOTE
r-release-macos-x86_64 1.0.4 44.00 NOTE
r-release-windows-x86_64 1.0.4 43.00 87.00 130.00 NOTE
r-oldrel-macos-arm64 1.0.4 43.00 NOTE
r-oldrel-macos-x86_64 1.0.4 60.00 NOTE
r-oldrel-windows-ix86+x86_64 1.0.4 107.00 95.00 202.00 NOTE

Additional issues

clang14

Check Details

Version: 1.0.4
Check: whether package can be installed
Result: WARN
    Found the following significant warnings:
     opt.cpp:110:7: warning: use of bitwise '&' with boolean operands [-Wbitwise-instead-of-logical]
     opt.cpp:110:8: warning: use of bitwise '&' with boolean operands [-Wbitwise-instead-of-logical]
Flavors: r-devel-linux-x86_64-debian-clang, r-devel-linux-x86_64-fedora-clang

Version: 1.0.4
Check: LazyData
Result: NOTE
     'LazyData' is specified without a 'data' directory
Flavors: r-devel-linux-x86_64-debian-clang, r-devel-linux-x86_64-debian-gcc, r-devel-linux-x86_64-fedora-clang, r-devel-linux-x86_64-fedora-gcc, r-devel-windows-x86_64, r-patched-linux-x86_64, r-release-linux-x86_64, r-release-macos-arm64, r-release-macos-x86_64, r-release-windows-x86_64, r-oldrel-macos-arm64, r-oldrel-macos-x86_64, r-oldrel-windows-ix86+x86_64