CRAN Package Check Results for Package bvartools

Last updated on 2020-11-25 15:51:51 CET.

Flavor Version Tinstall Tcheck Ttotal Status Flags
r-devel-linux-x86_64-debian-clang 0.1.0 324.59 183.82 508.41 OK
r-devel-linux-x86_64-debian-gcc 0.1.0 332.10 141.54 473.64 OK
r-devel-linux-x86_64-fedora-clang 0.1.0 590.23 NOTE
r-devel-linux-x86_64-fedora-gcc 0.1.0 554.13 OK
r-devel-windows-ix86+x86_64 0.1.0 553.00 246.00 799.00 OK
r-patched-linux-x86_64 0.1.0 379.89 180.90 560.79 OK
r-patched-solaris-x86 0.1.0 525.60 OK
r-release-linux-x86_64 0.1.0 404.34 179.52 583.86 OK
r-release-macos-x86_64 0.1.0 NOTE
r-release-windows-ix86+x86_64 0.1.0 562.00 221.00 783.00 OK
r-oldrel-macos-x86_64 0.1.0 NOTE
r-oldrel-windows-ix86+x86_64 0.1.0 447.00 241.00 688.00 OK

Check Details

Version: 0.1.0
Check: installed package size
Result: NOTE
     installed size is 15.3Mb
     sub-directories of 1Mb or more:
     libs 14.4Mb
Flavors: r-devel-linux-x86_64-fedora-clang, r-release-macos-x86_64, r-oldrel-macos-x86_64