Last updated on 2022-05-17 15:53:13 CEST.
Flavor | Version | Tinstall | Tcheck | Ttotal | Status | Flags |
---|---|---|---|---|---|---|
r-devel-linux-x86_64-debian-clang | 2.4 | 13.90 | 180.86 | 194.76 | OK | |
r-devel-linux-x86_64-debian-gcc | 2.4 | 11.87 | 140.23 | 152.10 | OK | |
r-devel-linux-x86_64-fedora-clang | 2.4 | 235.93 | OK | |||
r-devel-linux-x86_64-fedora-gcc | 2.4 | 234.90 | OK | |||
r-devel-windows-x86_64 | 2.4 | 68.00 | 204.00 | 272.00 | OK | |
r-patched-linux-x86_64 | 2.4 | 14.87 | 176.99 | 191.86 | OK | |
r-release-linux-x86_64 | 2.4 | 10.00 | 181.96 | 191.96 | OK | |
r-release-macos-arm64 | 2.4 | 86.00 | ERROR | |||
r-release-macos-x86_64 | 2.4 | 128.00 | OK | |||
r-release-windows-x86_64 | 2.4 | 75.00 | 214.00 | 289.00 | OK | |
r-oldrel-macos-arm64 | 2.4 | 68.00 | OK | |||
r-oldrel-macos-x86_64 | 2.4 | 85.00 | OK | |||
r-oldrel-windows-ix86+x86_64 | 2.4 | 28.00 | 214.00 | 242.00 | OK |
Version: 2.4
Check: examples
Result: ERROR
Running examples in ‘buildmer-Ex.R’ failed
The error most likely occurred in:
> ### Name: buildglmmTMB
> ### Title: Use 'buildmer' to perform stepwise elimination on 'glmmTMB'
> ### models
> ### Aliases: buildglmmTMB
>
> ### ** Examples
>
> library(buildmer)
> if (requireNamespace('glmmTMB')) {
+ model <- buildglmmTMB(Reaction ~ Days + (Days|Subject),data=lme4::sleepstudy)
+ }
Loading required namespace: glmmTMB
Warning in checkDepPackageVersion(dep_pkg = "TMB") :
Package version inconsistency detected.
glmmTMB was built with TMB version 1.7.22
Current TMB version is 1.8.1
Please re-install glmmTMB from source or restore original ‘TMB’ package (see '?reinstalling' for more information)
Determining predictor order
Fitting via glmmTMB, with ML: Reaction ~ 1
Error in .Call("getParameterOrder", data, parameters, new.env(), NULL, :
Incorrect number of arguments (4), expecting 3 for 'getParameterOrder'
Convergence failure. Reducing terms and retrying... The failure was:
Error in .Call("getParameterOrder", data, parameters, new.env(),
NULL, : Incorrect number of arguments (4), expecting 3 for
'getParameterOrder'
Error in reduce.model(p, conv) : No terms left for reduction, giving up
Calls: buildglmmTMB ... buildmer.fit -> do.call -> order -> reorder -> reduce.model
Execution halted
Flavor: r-release-macos-arm64