Last updated on 2022-07-02 03:51:24 CEST.
Flavor | Version | Tinstall | Tcheck | Ttotal | Status | Flags |
---|---|---|---|---|---|---|
r-devel-linux-x86_64-debian-clang | 1.1 | 13.18 | 110.67 | 123.85 | OK | |
r-devel-linux-x86_64-debian-gcc | 1.1 | 9.08 | 81.48 | 90.56 | OK | |
r-devel-linux-x86_64-fedora-clang | 1.1 | 158.57 | OK | |||
r-devel-linux-x86_64-fedora-gcc | 1.1 | 156.08 | OK | |||
r-devel-windows-x86_64 | 1.1 | 18.00 | 134.00 | 152.00 | OK | |
r-patched-linux-x86_64 | 1.1 | 10.74 | 102.48 | 113.22 | OK | |
r-release-linux-x86_64 | 1.1 | 9.95 | 102.94 | 112.89 | OK | |
r-release-macos-arm64 | 1.1 | 46.00 | OK | |||
r-release-macos-x86_64 | 1.1 | 93.00 | OK | |||
r-release-windows-x86_64 | 1.1 | 21.00 | 134.00 | 155.00 | OK | |
r-oldrel-macos-arm64 | 1.1 | 45.00 | OK | |||
r-oldrel-macos-x86_64 | 1.1 | 62.00 | OK | |||
r-oldrel-windows-ix86+x86_64 | 1.1 | 5.00 | 11.00 | 16.00 | ERROR |
Version: 1.1
Check: whether package can be installed
Result: ERROR
Installation failed.
Flavor: r-oldrel-windows-ix86+x86_64