Last updated on 2022-06-29 15:49:48 CEST.
Flavor | Version | Tinstall | Tcheck | Ttotal | Status | Flags |
---|---|---|---|---|---|---|
r-devel-linux-x86_64-debian-clang | 4.3.2 | 6.16 | 108.47 | 114.63 | OK | |
r-devel-linux-x86_64-debian-gcc | 4.3.2 | 5.19 | 80.17 | 85.36 | OK | |
r-devel-linux-x86_64-fedora-clang | 4.3.2 | 146.45 | NOTE | |||
r-devel-linux-x86_64-fedora-gcc | 4.3.2 | 156.62 | OK | |||
r-devel-windows-x86_64 | 4.3.2 | 22.00 | 131.00 | 153.00 | OK | |
r-patched-linux-x86_64 | 4.3.2 | 3.88 | 103.42 | 107.30 | OK | |
r-release-linux-x86_64 | 4.3.2 | 3.68 | 102.79 | 106.47 | OK | |
r-release-macos-arm64 | 4.3.2 | 5.00 | ERROR | |||
r-release-macos-x86_64 | 4.3.2 | 87.00 | OK | |||
r-release-windows-x86_64 | 4.3.2 | 24.00 | 127.00 | 151.00 | OK | |
r-oldrel-macos-arm64 | 4.3.2 | 33.00 | OK | |||
r-oldrel-macos-x86_64 | 4.3.2 | 54.00 | OK | |||
r-oldrel-windows-ix86+x86_64 | 4.3.2 | 28.00 | 121.00 | 149.00 | OK |
Version: 4.3.2
Check: Rd cross-references
Result: NOTE
Undeclared package ‘tibble’ in Rd xrefs
Flavor: r-devel-linux-x86_64-fedora-clang
Version: 4.3.2
Check: package dependencies
Result: ERROR
Packages required and available but unsuitable versions:
'broom.mixed', 'performance'
See section ‘The DESCRIPTION file’ in the ‘Writing R Extensions’
manual.
Flavor: r-release-macos-arm64