CRAN Package Check Results for Package broom

Last updated on 2020-09-29 15:47:30 CEST.

Flavor Version Tinstall Tcheck Ttotal Status Flags
r-devel-linux-x86_64-debian-clang 0.7.0 12.27 255.35 267.62 OK
r-devel-linux-x86_64-debian-gcc 0.7.0 10.90 189.24 200.14 OK
r-devel-linux-x86_64-fedora-clang 0.7.0 354.54 OK
r-devel-linux-x86_64-fedora-gcc 0.7.0 339.33 OK
r-devel-windows-ix86+x86_64 0.7.0 23.00 388.00 411.00 OK
r-patched-linux-x86_64 0.7.0 13.94 241.06 255.00 OK
r-patched-solaris-x86 0.7.0 425.30 OK
r-release-linux-x86_64 0.7.0 13.19 240.78 253.97 OK
r-release-macos-x86_64 0.7.0 OK
r-release-windows-ix86+x86_64 0.7.0 24.00 400.00 424.00 OK
r-oldrel-macos-x86_64 0.7.0 NOTE
r-oldrel-windows-ix86+x86_64 0.7.0 22.00 372.00 394.00 OK

Check Details

Version: 0.7.0
Check: dependencies in R code
Result: NOTE
    No protocol specified
    No protocol specified
Flavor: r-oldrel-macos-x86_64