CRAN Package Check Results for Package broom.helpers

Last updated on 2022-06-29 03:52:34 CEST.

Flavor Version Tinstall Tcheck Ttotal Status Flags
r-devel-linux-x86_64-debian-clang 1.7.0 8.22 485.80 494.02 OK
r-devel-linux-x86_64-debian-gcc 1.7.0 7.14 356.17 363.31 ERROR
r-devel-linux-x86_64-fedora-clang 1.7.0 591.87 ERROR
r-devel-linux-x86_64-fedora-gcc 1.7.0 615.89 ERROR
r-devel-windows-x86_64 1.7.0 144.00 538.00 682.00 OK
r-patched-linux-x86_64 1.7.0 6.47 445.14 451.61 OK
r-release-linux-x86_64 1.7.0 5.33 452.82 458.15 OK
r-release-macos-arm64 1.7.0 162.00 OK
r-release-macos-x86_64 1.7.0 195.00 OK
r-release-windows-x86_64 1.7.0 105.00 506.00 611.00 OK
r-oldrel-macos-arm64 1.7.0 154.00 OK
r-oldrel-macos-x86_64 1.7.0 194.00 OK
r-oldrel-windows-ix86+x86_64 1.7.0 19.00 533.00 552.00 OK

Additional issues

M1mac

Check Details

Version: 1.7.0
Check: tests
Result: ERROR
     Running ‘spelling.R’ [0s/1s]
     Running ‘testthat.R’ [224s/353s]
    Running the tests in ‘tests/testthat.R’ failed.
    Complete output:
     > library(testthat)
     > library(broom.helpers)
    
     Attaching package: 'broom.helpers'
    
     The following object is masked from 'package:testthat':
    
     matches
    
     >
     > test_check("broom.helpers")
     # weights: 15 (8 variable)
     initial value 207.637723
     iter 10 value 168.608572
     final value 168.587348
     converged
     # weights: 15 (8 variable)
     initial value 207.637723
     iter 10 value 168.608572
     final value 168.587348
     converged
     [ FAIL 6 | WARN 0 | SKIP 47 | PASS 465 ]
    
     ══ Skipped tests ═══════════════════════════════════════════════════════════════
     • On CRAN (47)
    
     ══ Failed tests ════════════════════════════════════════════════════════════════
     ── Failure (test-add_header_rows.R:17:3): tidy_add_header_rows() works as expected ──
     res$term not equivalent to c(...).
     7/13 mismatches
     x[3]: "stageT2"
     y[3]: "stage2"
    
     x[4]: "stageT3"
     y[4]: "stage3"
    
     x[5]: "stageT4"
     y[5]: "stage4"
    
     x[7]: "gradeI"
     y[7]: "grade1"
    
     x[8]: "gradeII"
     y[8]: "grade2"
     ── Failure (test-add_header_rows.R:43:3): tidy_add_header_rows() works as expected ──
     res$term not equivalent to c(...).
     7/12 mismatches
     x[3]: "stageT2"
     y[3]: "stage2"
    
     x[4]: "stageT3"
     y[4]: "stage3"
    
     x[5]: "stageT4"
     y[5]: "stage4"
    
     x[7]: "gradeI"
     y[7]: "grade1"
    
     x[8]: "gradeII"
     y[8]: "grade2"
     ── Failure (test-add_header_rows.R:71:3): tidy_add_header_rows() works as expected ──
     res$term not equivalent to c(...).
     9/16 mismatches
     x[3]: "stageT1"
     y[3]: "stage1"
    
     x[4]: "stageT2"
     y[4]: "stage2"
    
     x[5]: "stageT3"
     y[5]: "stage3"
    
     x[6]: "stageT4"
     y[6]: "stage4"
    
     x[8]: "gradeI"
     y[8]: "grade1"
     ── Failure (test-add_reference_rows.R:11:3): tidy_add_reference_rows() works as expected ──
     res$term not equivalent to c(...).
     9/12 mismatches
     x[2]: "stageT1"
     y[2]: "stage1"
    
     x[3]: "stageT2"
     y[3]: "stage2"
    
     x[4]: "stageT3"
     y[4]: "stage3"
    
     x[5]: "stageT4"
     y[5]: "stage4"
    
     x[6]: "gradeI"
     y[6]: "grade1"
     ── Failure (test-add_reference_rows.R:73:3): tidy_add_reference_rows() works as expected ──
     res$term not equivalent to c(...).
     7/10 mismatches
     x[2]: "stageT2"
     y[2]: "stage2"
    
     x[3]: "stageT3"
     y[3]: "stage3"
    
     x[4]: "stageT4"
     y[4]: "stage4"
    
     x[5]: "gradeI"
     y[5]: "grade1"
    
     x[6]: "gradeII"
     y[6]: "grade2"
     ── Failure (test-model_get_n.R:143:3): model_get_n() works with different contrasts ──
     res$term not equivalent to c(...).
     11/12 mismatches
     x[2]: "stageT2"
     y[2]: "stage2"
    
     x[3]: "stageT3"
     y[3]: "stage3"
    
     x[4]: "stageT4"
     y[4]: "stage4"
    
     x[5]: "gradeI"
     y[5]: "grade1"
    
     x[6]: "gradeII"
     y[6]: "grade2"
    
     [ FAIL 6 | WARN 0 | SKIP 47 | PASS 465 ]
     Error: Test failures
     Execution halted
Flavor: r-devel-linux-x86_64-debian-gcc

Version: 1.7.0
Check: tests
Result: ERROR
     Running ‘spelling.R’
     Running ‘testthat.R’ [6m/14m]
    Running the tests in ‘tests/testthat.R’ failed.
    Complete output:
     > library(testthat)
     > library(broom.helpers)
    
     Attaching package: 'broom.helpers'
    
     The following object is masked from 'package:testthat':
    
     matches
    
     >
     > test_check("broom.helpers")
     # weights: 15 (8 variable)
     initial value 207.637723
     iter 10 value 168.608572
     final value 168.587348
     converged
     # weights: 15 (8 variable)
     initial value 207.637723
     iter 10 value 168.608572
     final value 168.587348
     converged
     [ FAIL 6 | WARN 0 | SKIP 47 | PASS 465 ]
    
     ══ Skipped tests ═══════════════════════════════════════════════════════════════
     • On CRAN (47)
    
     ══ Failed tests ════════════════════════════════════════════════════════════════
     ── Failure (test-add_header_rows.R:17:3): tidy_add_header_rows() works as expected ──
     res$term not equivalent to c(...).
     7/13 mismatches
     x[3]: "stageT2"
     y[3]: "stage2"
    
     x[4]: "stageT3"
     y[4]: "stage3"
    
     x[5]: "stageT4"
     y[5]: "stage4"
    
     x[7]: "gradeI"
     y[7]: "grade1"
    
     x[8]: "gradeII"
     y[8]: "grade2"
     ── Failure (test-add_header_rows.R:43:3): tidy_add_header_rows() works as expected ──
     res$term not equivalent to c(...).
     7/12 mismatches
     x[3]: "stageT2"
     y[3]: "stage2"
    
     x[4]: "stageT3"
     y[4]: "stage3"
    
     x[5]: "stageT4"
     y[5]: "stage4"
    
     x[7]: "gradeI"
     y[7]: "grade1"
    
     x[8]: "gradeII"
     y[8]: "grade2"
     ── Failure (test-add_header_rows.R:71:3): tidy_add_header_rows() works as expected ──
     res$term not equivalent to c(...).
     9/16 mismatches
     x[3]: "stageT1"
     y[3]: "stage1"
    
     x[4]: "stageT2"
     y[4]: "stage2"
    
     x[5]: "stageT3"
     y[5]: "stage3"
    
     x[6]: "stageT4"
     y[6]: "stage4"
    
     x[8]: "gradeI"
     y[8]: "grade1"
     ── Failure (test-add_reference_rows.R:11:3): tidy_add_reference_rows() works as expected ──
     res$term not equivalent to c(...).
     9/12 mismatches
     x[2]: "stageT1"
     y[2]: "stage1"
    
     x[3]: "stageT2"
     y[3]: "stage2"
    
     x[4]: "stageT3"
     y[4]: "stage3"
    
     x[5]: "stageT4"
     y[5]: "stage4"
    
     x[6]: "gradeI"
     y[6]: "grade1"
     ── Failure (test-add_reference_rows.R:73:3): tidy_add_reference_rows() works as expected ──
     res$term not equivalent to c(...).
     7/10 mismatches
     x[2]: "stageT2"
     y[2]: "stage2"
    
     x[3]: "stageT3"
     y[3]: "stage3"
    
     x[4]: "stageT4"
     y[4]: "stage4"
    
     x[5]: "gradeI"
     y[5]: "grade1"
    
     x[6]: "gradeII"
     y[6]: "grade2"
     ── Failure (test-model_get_n.R:143:3): model_get_n() works with different contrasts ──
     res$term not equivalent to c(...).
     11/12 mismatches
     x[2]: "stageT2"
     y[2]: "stage2"
    
     x[3]: "stageT3"
     y[3]: "stage3"
    
     x[4]: "stageT4"
     y[4]: "stage4"
    
     x[5]: "gradeI"
     y[5]: "grade1"
    
     x[6]: "gradeII"
     y[6]: "grade2"
    
     [ FAIL 6 | WARN 0 | SKIP 47 | PASS 465 ]
     Error: Test failures
     Execution halted
Flavor: r-devel-linux-x86_64-fedora-clang

Version: 1.7.0
Check: tests
Result: ERROR
     Running ‘spelling.R’
     Running ‘testthat.R’ [377s/379s]
    Running the tests in ‘tests/testthat.R’ failed.
    Complete output:
     > library(testthat)
     > library(broom.helpers)
    
     Attaching package: 'broom.helpers'
    
     The following object is masked from 'package:testthat':
    
     matches
    
     >
     > test_check("broom.helpers")
     # weights: 15 (8 variable)
     initial value 207.637723
     iter 10 value 168.608572
     final value 168.587348
     converged
     # weights: 15 (8 variable)
     initial value 207.637723
     iter 10 value 168.608572
     final value 168.587348
     converged
     [ FAIL 6 | WARN 0 | SKIP 47 | PASS 465 ]
    
     ══ Skipped tests ═══════════════════════════════════════════════════════════════
     • On CRAN (47)
    
     ══ Failed tests ════════════════════════════════════════════════════════════════
     ── Failure (test-add_header_rows.R:17:3): tidy_add_header_rows() works as expected ──
     res$term not equivalent to c(...).
     7/13 mismatches
     x[3]: "stageT2"
     y[3]: "stage2"
    
     x[4]: "stageT3"
     y[4]: "stage3"
    
     x[5]: "stageT4"
     y[5]: "stage4"
    
     x[7]: "gradeI"
     y[7]: "grade1"
    
     x[8]: "gradeII"
     y[8]: "grade2"
     ── Failure (test-add_header_rows.R:43:3): tidy_add_header_rows() works as expected ──
     res$term not equivalent to c(...).
     7/12 mismatches
     x[3]: "stageT2"
     y[3]: "stage2"
    
     x[4]: "stageT3"
     y[4]: "stage3"
    
     x[5]: "stageT4"
     y[5]: "stage4"
    
     x[7]: "gradeI"
     y[7]: "grade1"
    
     x[8]: "gradeII"
     y[8]: "grade2"
     ── Failure (test-add_header_rows.R:71:3): tidy_add_header_rows() works as expected ──
     res$term not equivalent to c(...).
     9/16 mismatches
     x[3]: "stageT1"
     y[3]: "stage1"
    
     x[4]: "stageT2"
     y[4]: "stage2"
    
     x[5]: "stageT3"
     y[5]: "stage3"
    
     x[6]: "stageT4"
     y[6]: "stage4"
    
     x[8]: "gradeI"
     y[8]: "grade1"
     ── Failure (test-add_reference_rows.R:11:3): tidy_add_reference_rows() works as expected ──
     res$term not equivalent to c(...).
     9/12 mismatches
     x[2]: "stageT1"
     y[2]: "stage1"
    
     x[3]: "stageT2"
     y[3]: "stage2"
    
     x[4]: "stageT3"
     y[4]: "stage3"
    
     x[5]: "stageT4"
     y[5]: "stage4"
    
     x[6]: "gradeI"
     y[6]: "grade1"
     ── Failure (test-add_reference_rows.R:73:3): tidy_add_reference_rows() works as expected ──
     res$term not equivalent to c(...).
     7/10 mismatches
     x[2]: "stageT2"
     y[2]: "stage2"
    
     x[3]: "stageT3"
     y[3]: "stage3"
    
     x[4]: "stageT4"
     y[4]: "stage4"
    
     x[5]: "gradeI"
     y[5]: "grade1"
    
     x[6]: "gradeII"
     y[6]: "grade2"
     ── Failure (test-model_get_n.R:143:3): model_get_n() works with different contrasts ──
     res$term not equivalent to c(...).
     11/12 mismatches
     x[2]: "stageT2"
     y[2]: "stage2"
    
     x[3]: "stageT3"
     y[3]: "stage3"
    
     x[4]: "stageT4"
     y[4]: "stage4"
    
     x[5]: "gradeI"
     y[5]: "grade1"
    
     x[6]: "gradeII"
     y[6]: "grade2"
    
     [ FAIL 6 | WARN 0 | SKIP 47 | PASS 465 ]
     Error: Test failures
     Execution halted
Flavor: r-devel-linux-x86_64-fedora-gcc