CRAN Package Check Results for Package broom.helpers

Last updated on 2024-03-02 02:48:34 CET.

Flavor Version Tinstall Tcheck Ttotal Status Flags
r-devel-linux-x86_64-debian-clang 1.14.0 10.06 264.74 274.80 NOTE
r-devel-linux-x86_64-debian-gcc 1.14.0 7.33 200.91 208.24 NOTE
r-devel-linux-x86_64-fedora-clang 1.14.0 354.25 NOTE
r-devel-linux-x86_64-fedora-gcc 1.14.0 369.49 NOTE
r-devel-windows-x86_64 1.14.0 10.00 210.00 220.00 OK
r-patched-linux-x86_64 1.14.0 7.52 258.00 265.52 OK
r-release-linux-x86_64 1.14.0 6.72 255.17 261.89 OK
r-release-macos-arm64 1.14.0 109.00 OK
r-release-macos-x86_64 1.14.0 226.00 OK
r-release-windows-x86_64 1.14.0 14.00 272.00 286.00 OK
r-oldrel-macos-arm64 1.14.0 113.00 OK
r-oldrel-windows-x86_64 1.14.0 12.00 290.00 302.00 OK

Check Details

Version: 1.14.0
Check: Rd files
Result: NOTE checkRd: (-1) select_helpers.Rd:43: Lost braces; missing escapes or markup? 43 | Set of functions to supplement the {tidyselect} set of | ^ Flavors: r-devel-linux-x86_64-debian-clang, r-devel-linux-x86_64-debian-gcc, r-devel-linux-x86_64-fedora-clang, r-devel-linux-x86_64-fedora-gcc