CRAN Package Check Results for Package brnn

Last updated on 2020-07-13 15:48:18 CEST.

Flavor Version Tinstall Tcheck Ttotal Status Flags
r-devel-linux-x86_64-debian-clang 0.8 6.17 26.49 32.66 OK
r-devel-linux-x86_64-debian-gcc 0.8 4.17 21.00 25.17 OK
r-devel-linux-x86_64-fedora-clang 0.8 48.78 OK
r-devel-linux-x86_64-fedora-gcc 0.8 38.85 OK
r-devel-windows-ix86+x86_64 0.8 18.00 60.00 78.00 OK
r-patched-linux-x86_64 0.8 5.59 26.98 32.57 OK
r-patched-solaris-x86 0.8 57.90 OK
r-release-linux-x86_64 0.8 5.39 26.71 32.10 OK
r-release-macos-x86_64 0.8 ERROR
r-release-windows-ix86+x86_64 0.8 17.00 45.00 62.00 OK
r-oldrel-macos-x86_64 0.8 OK
r-oldrel-windows-ix86+x86_64 0.8 15.00 61.00 76.00 OK

Check Details

Version: 0.8
Check: whether package can be installed
Result: ERROR
    Installation failed.
Flavor: r-release-macos-x86_64