CRAN Package Check Results for Package brms

Last updated on 2020-09-30 15:47:53 CEST.

Flavor Version Tinstall Tcheck Ttotal Status Flags
r-devel-linux-x86_64-debian-clang 2.13.5 59.75 668.66 728.41 NOTE
r-devel-linux-x86_64-debian-gcc 2.13.5 48.92 497.18 546.10 NOTE
r-devel-linux-x86_64-fedora-clang 2.13.5 857.04 NOTE
r-devel-linux-x86_64-fedora-gcc 2.13.5 859.18 NOTE
r-devel-windows-ix86+x86_64 2.13.5 100.00 194.00 294.00 NOTE --no-examples --no-tests --no-vignettes
r-patched-linux-x86_64 2.13.5 50.18 630.76 680.94 NOTE
r-patched-solaris-x86 2.13.5 1120.20 NOTE
r-release-linux-x86_64 2.13.5 47.61 635.62 683.23 NOTE
r-release-macos-x86_64 2.13.5 NOTE
r-release-windows-ix86+x86_64 2.13.5 104.00 246.00 350.00 NOTE --no-examples --no-tests --no-vignettes
r-oldrel-macos-x86_64 2.13.5 NOTE
r-oldrel-windows-ix86+x86_64 2.13.5 99.00 262.00 361.00 NOTE --no-examples --no-tests --no-vignettes

Check Details

Version: 2.13.5
Check: package dependencies
Result: NOTE
    Package suggested but not available for checking: 'cmdstanr'
Flavors: r-devel-linux-x86_64-debian-clang, r-devel-linux-x86_64-debian-gcc, r-devel-linux-x86_64-fedora-clang, r-devel-linux-x86_64-fedora-gcc, r-patched-linux-x86_64, r-patched-solaris-x86, r-release-linux-x86_64, r-release-macos-x86_64, r-oldrel-macos-x86_64

Version: 2.13.5
Check: installed package size
Result: NOTE
     installed size is 6.8Mb
     sub-directories of 1Mb or more:
     R 3.1Mb
     doc 2.6Mb
Flavors: r-devel-linux-x86_64-fedora-clang, r-patched-solaris-x86, r-release-macos-x86_64, r-oldrel-macos-x86_64

Version: 2.13.5
Check: Rd cross-references
Result: NOTE
    Undeclared packages ‘shiny’, ‘gtable’ in Rd xrefs
Flavor: r-devel-linux-x86_64-fedora-clang

Version: 2.13.5
Flags: --no-examples --no-tests --no-vignettes
Check: package dependencies
Result: NOTE
    Package suggested but not available for checking: 'cmdstanr'
Flavors: r-devel-windows-ix86+x86_64, r-release-windows-ix86+x86_64, r-oldrel-windows-ix86+x86_64

Version: 2.13.5
Flags: --no-examples --no-tests --no-vignettes
Check: installed package size
Result: NOTE
     installed size is 6.7Mb
     sub-directories of 1Mb or more:
     R 3.1Mb
     doc 2.6Mb
Flavors: r-devel-windows-ix86+x86_64, r-release-windows-ix86+x86_64, r-oldrel-windows-ix86+x86_64