CRAN Package Check Results for Package bridger

Last updated on 2023-02-08 15:52:35 CET.

Flavor Version Tinstall Tcheck Ttotal Status Flags
r-devel-linux-x86_64-debian-clang 0.1.0 7.84 53.73 61.57 OK
r-devel-linux-x86_64-debian-gcc 0.1.0 6.33 39.96 46.29 OK
r-devel-linux-x86_64-fedora-clang 0.1.0 80.73 NOTE
r-devel-linux-x86_64-fedora-gcc 0.1.0 76.89 NOTE
r-devel-windows-x86_64 0.1.0 19.00 80.00 99.00 OK
r-patched-linux-x86_64 0.1.0 7.16 51.46 58.62 OK
r-release-linux-x86_64 0.1.0 7.09 51.76 58.85 OK
r-release-macos-arm64 0.1.0 26.00 NOTE
r-release-macos-x86_64 0.1.0 37.00 NOTE
r-release-windows-x86_64 0.1.0 18.00 93.00 111.00 OK
r-oldrel-macos-arm64 0.1.0 37.00 NOTE
r-oldrel-macos-x86_64 0.1.0 37.00 NOTE
r-oldrel-windows-ix86+x86_64 0.1.0 19.00 77.00 96.00 OK

Check Details

Version: 0.1.0
Check: dependencies in R code
Result: NOTE
    Namespace in Imports field not imported from: ‘kableExtra’
     All declared Imports should be used.
Flavors: r-devel-linux-x86_64-fedora-clang, r-devel-linux-x86_64-fedora-gcc, r-release-macos-arm64, r-release-macos-x86_64, r-oldrel-macos-arm64, r-oldrel-macos-x86_64