Last updated on 2022-06-28 03:51:27 CEST.
Flavor | Version | Tinstall | Tcheck | Ttotal | Status | Flags |
---|---|---|---|---|---|---|
r-devel-linux-x86_64-debian-clang | 0.8.4 | 131.41 | 133.11 | 264.52 | NOTE | |
r-devel-linux-x86_64-debian-gcc | 0.8.4 | 119.78 | 105.02 | 224.80 | NOTE | |
r-devel-linux-x86_64-fedora-clang | 0.8.4 | 361.85 | NOTE | |||
r-devel-linux-x86_64-fedora-gcc | 0.8.4 | 374.48 | NOTE | |||
r-devel-windows-x86_64 | 0.8.4 | 120.00 | 193.00 | 313.00 | NOTE | |
r-patched-linux-x86_64 | 0.8.4 | 91.40 | 138.21 | 229.61 | NOTE | |
r-release-linux-x86_64 | 0.8.4 | 85.85 | 138.78 | 224.63 | NOTE | |
r-release-macos-arm64 | 0.8.4 | 91.00 | NOTE | |||
r-release-macos-x86_64 | 0.8.4 | 163.00 | NOTE | |||
r-release-windows-x86_64 | 0.8.4 | 111.00 | 196.00 | 307.00 | NOTE | |
r-oldrel-macos-arm64 | 0.8.4 | 88.00 | NOTE | |||
r-oldrel-macos-x86_64 | 0.8.4 | 133.00 | NOTE | |||
r-oldrel-windows-ix86+x86_64 | 0.8.4 | 159.00 | 193.00 | 352.00 | NOTE |
Version: 0.8.4
Check: for GNU extensions in Makefiles
Result: NOTE
GNU make is a SystemRequirements.
Flavors: r-devel-linux-x86_64-debian-clang, r-devel-linux-x86_64-debian-gcc, r-devel-linux-x86_64-fedora-clang, r-devel-linux-x86_64-fedora-gcc, r-devel-windows-x86_64, r-patched-linux-x86_64, r-release-linux-x86_64, r-release-macos-arm64, r-release-macos-x86_64, r-release-windows-x86_64, r-oldrel-macos-arm64, r-oldrel-macos-x86_64, r-oldrel-windows-ix86+x86_64
Version: 0.8.4
Check: installed package size
Result: NOTE
installed size is 21.7Mb
sub-directories of 1Mb or more:
libs 21.4Mb
Flavors: r-devel-linux-x86_64-fedora-clang, r-release-macos-arm64, r-release-macos-x86_64, r-oldrel-macos-arm64, r-oldrel-macos-x86_64