CRAN Package Check Results for Package brainKCCA

Last updated on 2022-07-03 03:49:50 CEST.

Flavor Version Tinstall Tcheck Ttotal Status Flags
r-devel-linux-x86_64-debian-clang 0.1.0 11.64 74.72 86.36 OK
r-devel-linux-x86_64-debian-gcc 0.1.0 8.58 56.54 65.12 OK
r-devel-linux-x86_64-fedora-clang 0.1.0 114.86 NOTE
r-devel-linux-x86_64-fedora-gcc 0.1.0 113.53 NOTE
r-devel-windows-x86_64 0.1.0 20.00 115.00 135.00 OK
r-patched-linux-x86_64 0.1.0 7.40 72.61 80.01 OK
r-release-linux-x86_64 0.1.0 8.44 73.75 82.19 OK
r-release-macos-arm64 0.1.0 48.00 NOTE
r-release-macos-x86_64 0.1.0 73.00 NOTE
r-release-windows-x86_64 0.1.0 22.00 110.00 132.00 OK
r-oldrel-macos-arm64 0.1.0 58.00 NOTE
r-oldrel-macos-x86_64 0.1.0 79.00 NOTE
r-oldrel-windows-ix86+x86_64 0.1.0 24.00 105.00 129.00 OK

Check Details

Version: 0.1.0
Check: dependencies in R code
Result: NOTE
    Namespaces in Imports field not imported from:
     ‘CCA’ ‘brainR’ ‘elasticnet’
     All declared Imports should be used.
Flavors: r-devel-linux-x86_64-fedora-clang, r-devel-linux-x86_64-fedora-gcc, r-release-macos-arm64, r-release-macos-x86_64, r-oldrel-macos-arm64, r-oldrel-macos-x86_64