CRAN Package Check Results for Package bqror

Last updated on 2020-09-22 16:02:23 CEST.

Flavor Version Tinstall Tcheck Ttotal Status Flags
r-devel-linux-x86_64-debian-clang 0.1.2 8.20 80.81 89.01 OK
r-devel-linux-x86_64-debian-gcc 0.1.2 6.26 61.37 67.63 OK
r-devel-linux-x86_64-fedora-clang 0.1.2 122.28 OK
r-devel-linux-x86_64-fedora-gcc 0.1.2 109.75 OK
r-devel-windows-ix86+x86_64 0.1.1 18.00 98.00 116.00 OK
r-patched-linux-x86_64 0.1.2 8.26 79.58 87.84 OK
r-patched-solaris-x86 0.1.2 149.00 OK
r-release-linux-x86_64 0.1.2 5.47 79.84 85.31 OK
r-release-macos-x86_64 0.1.2 OK
r-release-windows-ix86+x86_64 0.1.2 14.00 80.00 94.00 OK
r-oldrel-macos-x86_64 0.1.2 ERROR
r-oldrel-windows-ix86+x86_64 0.1.1 9.00 88.00 97.00 OK

Check Details

Version: 0.1.2
Check: dependencies in R code
Result: NOTE
    No protocol specified
    No protocol specified
Flavor: r-oldrel-macos-x86_64

Version: 0.1.2
Check: S3 generic/method consistency
Result: WARN
    No protocol specified
    No protocol specified
    See section ‘Generic functions and methods’ in the ‘Writing R
    Extensions’ manual.
Flavor: r-oldrel-macos-x86_64

Version: 0.1.2
Check: replacement functions
Result: WARN
    No protocol specified
    No protocol specified
    The argument of a replacement function which corresponds to the right
    hand side must be named ‘value’.
Flavor: r-oldrel-macos-x86_64

Version: 0.1.2
Check: foreign function calls
Result: NOTE
    No protocol specified
    No protocol specified
    See chapter ‘System and foreign language interfaces’ in the ‘Writing R
    Extensions’ manual.
Flavor: r-oldrel-macos-x86_64

Version: 0.1.2
Check: R code for possible problems
Result: NOTE
    No protocol specified
    No protocol specified
Flavor: r-oldrel-macos-x86_64

Version: 0.1.2
Check: for missing documentation entries
Result: WARN
    No protocol specified
    No protocol specified
    All user-level objects in a package should have documentation entries.
    See chapter ‘Writing R documentation files’ in the ‘Writing R
    Extensions’ manual.
Flavor: r-oldrel-macos-x86_64

Version: 0.1.2
Check: for code/documentation mismatches
Result: WARN
    No protocol specified
    No protocol specified
    No protocol specified
    No protocol specified
    No protocol specified
    No protocol specified
Flavor: r-oldrel-macos-x86_64

Version: 0.1.2
Check: Rd \usage sections
Result: NOTE
    No protocol specified
    No protocol specified
    The \usage entries for S3 methods should use the \method markup and not
    their full name.
    See chapter ‘Writing R documentation files’ in the ‘Writing R
    Extensions’ manual.
Flavor: r-oldrel-macos-x86_64

Version: 0.1.2
Check: examples
Result: ERROR
    Running examples in ‘bqror-Ex.R’ failed
    The error most likely occurred in:
    
    > ### Name: deviance3
    > ### Title: Deviance Information Criteria for Ordinal Models with 3 outcomes
    > ### Aliases: deviance3
    >
    > ### ** Examples
    >
    > set.seed(101)
    > data("data25j3")
    > x <- data25j3$x
    > y <- data25j3$y
    > p <- 0.25
    > ans <- quan_reg3(y, x, mc = 50, p)
    Error in structure(.External(.C_dotTclObjv, objv), class = "tclObj") :
     [tcl] invalid command name "toplevel".
    Calls: quan_reg3 ... tktoplevel -> tkwidget -> tcl -> .Tcl.objv -> structure
    Execution halted
Flavor: r-oldrel-macos-x86_64