CRAN Package Check Results for Package bpnreg

Last updated on 2022-10-07 03:55:49 CEST.

Flavor Version Tinstall Tcheck Ttotal Status Flags
r-devel-linux-x86_64-debian-clang 2.0.2 99.16 80.86 180.02 OK
r-devel-linux-x86_64-debian-gcc 2.0.2 68.33 59.13 127.46 OK
r-devel-linux-x86_64-fedora-clang 2.0.2 245.73 OK
r-devel-linux-x86_64-fedora-gcc 2.0.2 218.74 OK
r-devel-windows-x86_64 2.0.2 85.00 147.00 232.00 OK
r-patched-linux-x86_64 2.0.2 58.92 70.29 129.21 OK
r-release-linux-x86_64 2.0.2 56.07 68.76 124.83 OK
r-release-macos-arm64 2.0.2 53.00 NOTE
r-release-macos-x86_64 2.0.2 93.00 NOTE
r-release-windows-x86_64 2.0.2 75.00 126.00 201.00 OK
r-oldrel-macos-arm64 2.0.2 58.00 NOTE
r-oldrel-macos-x86_64 2.0.2 74.00 NOTE
r-oldrel-windows-ix86+x86_64 2.0.2 211.00 131.00 342.00 OK

Check Details

Version: 2.0.2
Check: installed package size
Result: NOTE
     installed size is 5.1Mb
     sub-directories of 1Mb or more:
     libs 4.7Mb
Flavors: r-release-macos-arm64, r-release-macos-x86_64, r-oldrel-macos-arm64, r-oldrel-macos-x86_64