CRAN Package Check Results for Package bpgmm

Last updated on 2022-01-22 03:56:39 CET.

Flavor Version Tinstall Tcheck Ttotal Status Flags
r-devel-linux-x86_64-debian-clang 1.0.7 111.89 84.09 195.98 NOTE
r-devel-linux-x86_64-debian-gcc 1.0.7 81.70 62.33 144.03 NOTE
r-devel-linux-x86_64-fedora-clang 1.0.7 271.72 NOTE
r-devel-linux-x86_64-fedora-gcc 1.0.7 240.43 NOTE
r-devel-windows-x86_64-new-UL 1.0.7 104.00 130.00 234.00 NOTE
r-devel-windows-x86_64-new-TK 1.0.7 NOTE
r-patched-linux-x86_64 1.0.7 77.66 78.66 156.32 NOTE
r-release-linux-x86_64 1.0.7 87.54 78.06 165.60 NOTE
r-release-macos-arm64 1.0.7 NOTE
r-release-macos-x86_64 1.0.7 NOTE
r-release-windows-ix86+x86_64 1.0.7 84.00 8.00 92.00 ERROR
r-oldrel-macos-x86_64 1.0.7 NOTE
r-oldrel-windows-ix86+x86_64 1.0.7 221.00 7.00 228.00 ERROR

Check Details

Version: 1.0.7
Check: LazyData
Result: NOTE
     'LazyData' is specified without a 'data' directory
Flavors: r-devel-linux-x86_64-debian-clang, r-devel-linux-x86_64-debian-gcc, r-devel-linux-x86_64-fedora-clang, r-devel-linux-x86_64-fedora-gcc, r-devel-windows-x86_64-new-UL, r-devel-windows-x86_64-new-TK, r-patched-linux-x86_64, r-release-linux-x86_64, r-release-macos-arm64, r-release-macos-x86_64

Version: 1.0.7
Check: installed package size
Result: NOTE
     installed size is 5.4Mb
     sub-directories of 1Mb or more:
     libs 5.1Mb
Flavors: r-devel-linux-x86_64-fedora-clang, r-release-macos-arm64, r-release-macos-x86_64, r-oldrel-macos-x86_64

Version: 1.0.7
Check: whether package can be installed
Result: ERROR
    Installation failed.
Flavors: r-release-windows-ix86+x86_64, r-oldrel-windows-ix86+x86_64