CRAN Package Check Results for Package boottol

Last updated on 2020-09-29 03:48:17 CEST.

Flavor Version Tinstall Tcheck Ttotal Status Flags
r-devel-linux-x86_64-debian-clang 2.0 2.90 31.60 34.50 NOTE
r-devel-linux-x86_64-debian-gcc 2.0 2.21 24.92 27.13 NOTE
r-devel-linux-x86_64-fedora-clang 2.0 50.40 NOTE
r-devel-linux-x86_64-fedora-gcc 2.0 40.57 NOTE
r-devel-windows-ix86+x86_64 2.0 7.00 50.00 57.00 NOTE
r-patched-linux-x86_64 2.0 2.66 30.34 33.00 NOTE
r-patched-solaris-x86 2.0 60.80 NOTE
r-release-linux-x86_64 2.0 2.52 30.24 32.76 NOTE
r-release-macos-x86_64 2.0 NOTE
r-release-windows-ix86+x86_64 2.0 7.00 47.00 54.00 NOTE
r-oldrel-macos-x86_64 2.0 NOTE
r-oldrel-windows-ix86+x86_64 2.0 5.00 53.00 58.00 NOTE

Check Details

Version: 2.0
Check: R code for possible problems
Result: NOTE
    boottol: no visible global function definition for 'setNames'
    boottol : shift: no visible global function definition for 'tail'
    boottol : shift: no visible global function definition for 'head'
    boottol: no visible global function definition for 'na.omit'
    vastol: no visible global function definition for 'setNames'
    vastol: no visible global function definition for 'na.omit'
    Undefined global functions or variables:
     head na.omit setNames tail
    Consider adding
     importFrom("stats", "na.omit", "setNames")
     importFrom("utils", "head", "tail")
    to your NAMESPACE file.
Flavors: r-devel-linux-x86_64-debian-clang, r-devel-linux-x86_64-debian-gcc, r-devel-linux-x86_64-fedora-clang, r-devel-linux-x86_64-fedora-gcc, r-devel-windows-ix86+x86_64, r-patched-linux-x86_64, r-patched-solaris-x86, r-release-linux-x86_64, r-release-macos-x86_64, r-release-windows-ix86+x86_64, r-oldrel-macos-x86_64, r-oldrel-windows-ix86+x86_64