Last updated on 2022-06-27 15:53:39 CEST.
Flavor | Version | Tinstall | Tcheck | Ttotal | Status | Flags |
---|---|---|---|---|---|---|
r-devel-linux-x86_64-debian-clang | 0.3.2 | 13.23 | 115.64 | 128.87 | OK | |
r-devel-linux-x86_64-debian-gcc | 0.3.2 | 10.73 | 84.52 | 95.25 | OK | |
r-devel-linux-x86_64-fedora-clang | 0.3.2 | 157.82 | NOTE | |||
r-devel-linux-x86_64-fedora-gcc | 0.3.2 | 159.27 | NOTE | |||
r-devel-windows-x86_64 | 0.3.2 | 32.00 | 134.00 | 166.00 | OK | |
r-patched-linux-x86_64 | 0.3.2 | 11.07 | 105.03 | 116.10 | OK | |
r-release-linux-x86_64 | 0.3.2 | 11.01 | 107.32 | 118.33 | OK | |
r-release-macos-arm64 | 0.3.2 | 45.00 | NOTE | |||
r-release-macos-x86_64 | 0.3.2 | 76.00 | NOTE | |||
r-release-windows-x86_64 | 0.3.2 | 29.00 | 136.00 | 165.00 | OK | |
r-oldrel-macos-arm64 | 0.3.2 | 40.00 | NOTE | |||
r-oldrel-macos-x86_64 | 0.3.2 | 58.00 | NOTE | |||
r-oldrel-windows-ix86+x86_64 | 0.3.2 | 31.00 | 127.00 | 158.00 | OK |
Version: 0.3.2
Check: dependencies in R code
Result: NOTE
Namespace in Imports field not imported from: ‘sna’
All declared Imports should be used.
Flavors: r-devel-linux-x86_64-fedora-clang, r-devel-linux-x86_64-fedora-gcc, r-release-macos-arm64, r-release-macos-x86_64, r-oldrel-macos-arm64, r-oldrel-macos-x86_64