Last updated on 2022-06-29 15:49:48 CEST.
Flavor | Version | Tinstall | Tcheck | Ttotal | Status | Flags |
---|---|---|---|---|---|---|
r-devel-linux-x86_64-debian-clang | 0.4.2 | 53.78 | 104.67 | 158.45 | NOTE | |
r-devel-linux-x86_64-debian-gcc | 0.4.2 | 44.83 | 76.85 | 121.68 | NOTE | |
r-devel-linux-x86_64-fedora-clang | 0.4.2 | 223.95 | NOTE | |||
r-devel-linux-x86_64-fedora-gcc | 0.4.2 | 213.35 | NOTE | |||
r-devel-windows-x86_64 | 0.4.2 | 58.00 | 183.00 | 241.00 | NOTE | |
r-patched-linux-x86_64 | 0.4.2 | 46.01 | 105.55 | 151.56 | NOTE | |
r-release-linux-x86_64 | 0.4.2 | 45.89 | 105.71 | 151.60 | NOTE | |
r-release-macos-arm64 | 0.4.2 | 58.00 | NOTE | |||
r-release-macos-x86_64 | 0.4.2 | 74.00 | NOTE | |||
r-release-windows-x86_64 | 0.4.2 | 54.00 | 191.00 | 245.00 | NOTE | |
r-oldrel-macos-arm64 | 0.4.2 | 82.00 | NOTE | |||
r-oldrel-macos-x86_64 | 0.4.2 | 86.00 | NOTE | |||
r-oldrel-windows-ix86+x86_64 | 0.4.2 | 129.00 | 210.00 | 339.00 | NOTE |
Version: 0.4.2
Check: for GNU extensions in Makefiles
Result: NOTE
GNU make is a SystemRequirements.
Flavors: r-devel-linux-x86_64-debian-clang, r-devel-linux-x86_64-debian-gcc, r-devel-linux-x86_64-fedora-clang, r-devel-linux-x86_64-fedora-gcc, r-devel-windows-x86_64, r-patched-linux-x86_64, r-release-linux-x86_64, r-release-macos-arm64, r-release-macos-x86_64, r-release-windows-x86_64, r-oldrel-macos-arm64, r-oldrel-macos-x86_64, r-oldrel-windows-ix86+x86_64
Version: 0.4.2
Check: installed package size
Result: NOTE
installed size is 5.3Mb
sub-directories of 1Mb or more:
libs 4.9Mb
Flavors: r-release-macos-arm64, r-release-macos-x86_64, r-oldrel-macos-arm64, r-oldrel-macos-x86_64