CRAN Package Check Results for Package bootStepAIC

Last updated on 2020-11-25 15:51:51 CET.

Flavor Version Tinstall Tcheck Ttotal Status Flags
r-devel-linux-x86_64-debian-clang 1.2-0 2.21 35.23 37.44 NOTE
r-devel-linux-x86_64-debian-gcc 1.2-0 1.71 28.38 30.09 NOTE
r-devel-linux-x86_64-fedora-clang 1.2-0 52.86 NOTE
r-devel-linux-x86_64-fedora-gcc 1.2-0 42.73 NOTE
r-devel-windows-ix86+x86_64 1.2-0 4.00 54.00 58.00 NOTE
r-patched-linux-x86_64 1.2-0 2.28 35.16 37.44 NOTE
r-patched-solaris-x86 1.2-0 61.40 NOTE
r-release-linux-x86_64 1.2-0 2.27 34.56 36.83 NOTE
r-release-macos-x86_64 1.2-0 NOTE
r-release-windows-ix86+x86_64 1.2-0 5.00 63.00 68.00 NOTE
r-oldrel-macos-x86_64 1.2-0 NOTE
r-oldrel-windows-ix86+x86_64 1.2-0 3.00 49.00 52.00 NOTE

Check Details

Version: 1.2-0
Check: R code for possible problems
Result: NOTE
    boot.stepAIC: no visible global function definition for 'update'
    boot.stepAIC: no visible binding for global variable 'coef'
    boot.stepAIC : <anonymous>: no visible global function definition for
     'anova'
    boot.stepAIC: no visible global function definition for 'pnorm'
    Undefined global functions or variables:
     anova coef pnorm update
    Consider adding
     importFrom("stats", "anova", "coef", "pnorm", "update")
    to your NAMESPACE file.
Flavors: r-devel-linux-x86_64-debian-clang, r-devel-linux-x86_64-debian-gcc, r-devel-linux-x86_64-fedora-clang, r-devel-linux-x86_64-fedora-gcc, r-devel-windows-ix86+x86_64, r-patched-linux-x86_64, r-patched-solaris-x86, r-release-linux-x86_64, r-release-macos-x86_64, r-release-windows-ix86+x86_64, r-oldrel-macos-x86_64, r-oldrel-windows-ix86+x86_64