CRAN Package Check Results for Package bootSVD

Last updated on 2021-09-28 15:51:20 CEST.

Flavor Version Tinstall Tcheck Ttotal Status Flags
r-devel-linux-x86_64-debian-clang 1.1 3.22 35.57 38.79 OK
r-devel-linux-x86_64-debian-gcc 1.1 2.10 28.20 30.30 OK
r-devel-linux-x86_64-fedora-clang 1.1 55.76 OK
r-devel-linux-x86_64-fedora-gcc 1.1 45.36 OK
r-devel-windows-x86_64 1.1 5.00 42.00 47.00 WARN
r-devel-windows-x86_64-gcc10-UCRT 1.1 WARN
r-patched-linux-x86_64 1.1 3.22 34.46 37.68 OK
r-patched-solaris-x86 1.1 67.10 OK
r-release-linux-x86_64 1.1 2.81 34.41 37.22 OK
r-release-macos-arm64 1.1 OK
r-release-macos-x86_64 1.1 OK
r-release-windows-ix86+x86_64 1.1 6.00 45.00 51.00 OK
r-oldrel-macos-x86_64 1.1 OK
r-oldrel-windows-ix86+x86_64 1.1 13.00 38.00 51.00 OK

Check Details

Version: 1.1
Check: whether package can be installed
Result: WARN
    Found the following significant warnings:
     Warning: 'memory.limit()' is no longer supported
Flavors: r-devel-windows-x86_64, r-devel-windows-x86_64-gcc10-UCRT