CRAN Package Check Results for Package bootLR

Last updated on 2021-10-19 03:52:14 CEST.

Flavor Version Tinstall Tcheck Ttotal Status Flags
r-devel-linux-x86_64-debian-clang 1.0.2 2.19 74.99 77.18 NOTE
r-devel-linux-x86_64-debian-gcc 1.0.2 1.94 55.02 56.96 NOTE
r-devel-linux-x86_64-fedora-clang 1.0.2 99.94 NOTE
r-devel-linux-x86_64-fedora-gcc 1.0.2 91.31 NOTE
r-devel-windows-x86_64 1.0.2 6.00 106.00 112.00 NOTE
r-devel-windows-x86_64-gcc10-UCRT 1.0.2 NOTE
r-patched-linux-x86_64 1.0.2 2.11 73.21 75.32 NOTE
r-patched-solaris-x86 1.0.2 151.30 NOTE
r-release-linux-x86_64 1.0.2 2.48 75.20 77.68 NOTE
r-release-macos-arm64 1.0.2 NOTE
r-release-macos-x86_64 1.0.2 NOTE
r-release-windows-ix86+x86_64 1.0.2 5.00 103.00 108.00 NOTE
r-oldrel-macos-x86_64 1.0.2 OK
r-oldrel-windows-ix86+x86_64 1.0.2 5.00 100.00 105.00 OK

Check Details

Version: 1.0.2
Check: LazyData
Result: NOTE
     'LazyData' is specified without a 'data' directory
Flavors: r-devel-linux-x86_64-debian-clang, r-devel-linux-x86_64-debian-gcc, r-devel-linux-x86_64-fedora-clang, r-devel-linux-x86_64-fedora-gcc, r-devel-windows-x86_64, r-devel-windows-x86_64-gcc10-UCRT, r-patched-linux-x86_64, r-patched-solaris-x86, r-release-linux-x86_64, r-release-macos-arm64, r-release-macos-x86_64, r-release-windows-ix86+x86_64