CRAN Package Check Results for Package bnstruct

Last updated on 2022-09-29 03:57:58 CEST.

Flavor Version Tinstall Tcheck Ttotal Status Flags
r-devel-linux-x86_64-debian-clang 1.0.12 17.96 121.13 139.09 OK
r-devel-linux-x86_64-debian-gcc 1.0.12 14.40 93.98 108.38 OK
r-devel-linux-x86_64-fedora-clang 1.0.12 186.96 OK
r-devel-linux-x86_64-fedora-gcc 1.0.12 180.24 OK
r-devel-windows-x86_64 1.0.12 118.00 182.00 300.00 OK
r-patched-linux-x86_64 1.0.12 18.38 116.93 135.31 OK
r-release-linux-x86_64 1.0.12 15.49 117.78 133.27 OK
r-release-macos-arm64 1.0.12 62.00 NOTE
r-release-macos-x86_64 1.0.12 75.00 OK
r-release-windows-x86_64 1.0.12 34.00 159.00 193.00 OK
r-oldrel-macos-arm64 1.0.12 57.00 OK
r-oldrel-macos-x86_64 1.0.12 79.00 OK
r-oldrel-windows-ix86+x86_64 1.0.12 36.00 192.00 228.00 OK

Check Details

Version: 1.0.12
Check: package dependencies
Result: NOTE
    Packages suggested but not available for checking: 'graph', 'Rgraphviz'
Flavor: r-release-macos-arm64