CRAN Package Check Results for Package bnpa

Last updated on 2022-07-03 03:49:50 CEST.

Flavor Version Tinstall Tcheck Ttotal Status Flags
r-devel-linux-x86_64-debian-clang 0.3.0 3.99 42.18 46.17 OK
r-devel-linux-x86_64-debian-gcc 0.3.0 2.09 32.35 34.44 OK
r-devel-linux-x86_64-fedora-clang 0.3.0 66.81 WARN
r-devel-linux-x86_64-fedora-gcc 0.3.0 64.82 WARN
r-devel-windows-x86_64 0.3.0 17.00 71.00 88.00 OK
r-patched-linux-x86_64 0.3.0 3.40 40.95 44.35 OK
r-release-linux-x86_64 0.3.0 3.48 39.73 43.21 OK
r-release-macos-arm64 0.3.0 22.00 NOTE
r-release-macos-x86_64 0.3.0 36.00 NOTE
r-release-windows-x86_64 0.3.0 16.00 72.00 88.00 OK
r-oldrel-macos-arm64 0.3.0 22.00 OK
r-oldrel-macos-x86_64 0.3.0 34.00 NOTE
r-oldrel-windows-ix86+x86_64 0.3.0 9.00 65.00 74.00 OK

Check Details

Version: 0.3.0
Check: package dependencies
Result: WARN
    Requires (indirectly) orphaned package: ‘gtools’
Flavors: r-devel-linux-x86_64-fedora-clang, r-devel-linux-x86_64-fedora-gcc

Version: 0.3.0
Check: dependencies in R code
Result: NOTE
    Namespaces in Imports field not imported from:
     ‘Rgraphviz’ ‘fastDummies’
     All declared Imports should be used.
Flavors: r-devel-linux-x86_64-fedora-clang, r-devel-linux-x86_64-fedora-gcc, r-release-macos-arm64, r-release-macos-x86_64, r-oldrel-macos-x86_64