Last updated on 2022-06-30 15:51:35 CEST.
Flavor | Version | Tinstall | Tcheck | Ttotal | Status | Flags |
---|---|---|---|---|---|---|
r-devel-linux-x86_64-debian-clang | 0.1.0 | 753.94 | 140.58 | 894.52 | NOTE | |
r-devel-linux-x86_64-debian-gcc | 0.1.0 | 674.49 | 131.57 | 806.06 | NOTE | |
r-devel-linux-x86_64-fedora-clang | 0.1.0 | 1251.23 | NOTE | |||
r-devel-linux-x86_64-fedora-gcc | 0.1.0 | 1341.13 | NOTE | |||
r-devel-windows-x86_64 | 0.1.0 | 431.00 | 235.00 | 666.00 | NOTE | |
r-patched-linux-x86_64 | 0.1.0 | 662.50 | 169.91 | 832.41 | NOTE | |
r-release-linux-x86_64 | 0.1.0 | 651.67 | 171.44 | 823.11 | NOTE | |
r-release-macos-arm64 | 0.1.0 | 314.00 | NOTE | |||
r-release-macos-x86_64 | 0.1.0 | 559.00 | NOTE | |||
r-release-windows-x86_64 | 0.1.0 | 442.00 | 239.00 | 681.00 | NOTE | |
r-oldrel-macos-arm64 | 0.1.0 | 363.00 | NOTE | |||
r-oldrel-macos-x86_64 | 0.1.0 | 589.00 | NOTE | |||
r-oldrel-windows-ix86+x86_64 | 0.1.0 | 1597.00 | 279.00 | 1876.00 | NOTE |
Version: 0.1.0
Check: for GNU extensions in Makefiles
Result: NOTE
GNU make is a SystemRequirements.
Flavors: r-devel-linux-x86_64-debian-clang, r-devel-linux-x86_64-debian-gcc, r-devel-linux-x86_64-fedora-clang, r-devel-linux-x86_64-fedora-gcc, r-devel-windows-x86_64, r-patched-linux-x86_64, r-release-linux-x86_64, r-release-macos-arm64, r-release-macos-x86_64, r-release-windows-x86_64, r-oldrel-macos-arm64, r-oldrel-macos-x86_64, r-oldrel-windows-ix86+x86_64
Version: 0.1.0
Check: installed package size
Result: NOTE
installed size is 73.4Mb
sub-directories of 1Mb or more:
libs 72.8Mb
Flavors: r-devel-linux-x86_64-fedora-clang, r-devel-windows-x86_64, r-release-macos-arm64, r-release-macos-x86_64, r-release-windows-x86_64, r-oldrel-macos-arm64, r-oldrel-macos-x86_64, r-oldrel-windows-ix86+x86_64
Version: 0.1.0
Check: dependencies in R code
Result: NOTE
Namespaces in Imports field not imported from:
‘RcppParallel’ ‘rstantools’
All declared Imports should be used.
Flavors: r-devel-linux-x86_64-fedora-clang, r-devel-linux-x86_64-fedora-gcc, r-release-macos-arm64, r-release-macos-x86_64, r-oldrel-macos-x86_64