Last updated on 2022-06-29 15:49:48 CEST.
Flavor | Version | Tinstall | Tcheck | Ttotal | Status | Flags |
---|---|---|---|---|---|---|
r-devel-linux-x86_64-debian-clang | 1.1.0 | 1141.53 | 164.64 | 1306.17 | NOTE | |
r-devel-linux-x86_64-debian-gcc | 1.1.0 | 967.96 | 159.65 | 1127.61 | NOTE | |
r-devel-linux-x86_64-fedora-clang | 1.1.0 | 1921.91 | NOTE | |||
r-devel-linux-x86_64-fedora-gcc | 1.1.0 | 1888.17 | NOTE | |||
r-devel-windows-x86_64 | 1.1.0 | 611.00 | 274.00 | 885.00 | NOTE | |
r-patched-linux-x86_64 | 1.1.0 | 731.94 | 203.55 | 935.49 | NOTE | |
r-release-linux-x86_64 | 1.1.0 | 807.79 | 205.21 | 1013.00 | NOTE | |
r-release-macos-arm64 | 1.1.0 | 452.00 | NOTE | |||
r-release-macos-x86_64 | 1.1.0 | 713.00 | NOTE | |||
r-release-windows-x86_64 | 1.1.0 | 649.00 | 279.00 | 928.00 | NOTE | |
r-oldrel-macos-arm64 | 1.1.0 | 360.00 | NOTE | |||
r-oldrel-macos-x86_64 | 1.1.0 | 517.00 | NOTE | |||
r-oldrel-windows-ix86+x86_64 | 1.1.0 | 2217.00 | 338.00 | 2555.00 | NOTE |
Version: 1.1.0
Check: for GNU extensions in Makefiles
Result: NOTE
GNU make is a SystemRequirements.
Flavors: r-devel-linux-x86_64-debian-clang, r-devel-linux-x86_64-debian-gcc, r-devel-linux-x86_64-fedora-clang, r-devel-linux-x86_64-fedora-gcc, r-devel-windows-x86_64, r-patched-linux-x86_64, r-release-linux-x86_64, r-release-macos-arm64, r-release-macos-x86_64, r-release-windows-x86_64, r-oldrel-macos-arm64, r-oldrel-macos-x86_64, r-oldrel-windows-ix86+x86_64
Version: 1.1.0
Check: installed package size
Result: NOTE
installed size is 127.5Mb
sub-directories of 1Mb or more:
libs 126.7Mb
Flavors: r-devel-linux-x86_64-fedora-clang, r-devel-windows-x86_64, r-release-macos-arm64, r-release-macos-x86_64, r-release-windows-x86_64, r-oldrel-macos-arm64, r-oldrel-macos-x86_64, r-oldrel-windows-ix86+x86_64