CRAN Package Check Results for Package blrm

Last updated on 2024-06-18 03:57:04 CEST.

Flavor Version Tinstall Tcheck Ttotal Status Flags
r-devel-linux-x86_64-debian-clang 1.0-2 8.70 52.90 61.60 OK
r-devel-linux-x86_64-debian-gcc 1.0-2 5.81 38.91 44.72 OK
r-devel-linux-x86_64-fedora-clang 1.0-2 75.10 NOTE
r-devel-linux-x86_64-fedora-gcc 1.0-2 70.83 NOTE
r-devel-windows-x86_64 1.0-2 8.00 55.00 63.00 OK
r-patched-linux-x86_64 1.0-2 6.57 49.45 56.02 OK
r-release-linux-x86_64 1.0-2 8.16 49.52 57.68 OK
r-release-macos-arm64 1.0-2 23.00 OK
r-release-macos-x86_64 1.0-2 35.00 OK
r-release-windows-x86_64 1.0-2 8.00 55.00 63.00 OK
r-oldrel-macos-arm64 1.0-2 27.00 OK
r-oldrel-macos-x86_64 1.0-2 36.00 OK
r-oldrel-windows-x86_64 1.0-2 10.00 63.00 73.00 OK

Check Details

Version: 1.0-2
Check: dependencies in R code
Result: NOTE Namespace in Imports field not imported from: ‘shiny’ All declared Imports should be used. Flavors: r-devel-linux-x86_64-fedora-clang, r-devel-linux-x86_64-fedora-gcc