CRAN Package Check Results for Package blockmodels

Last updated on 2024-07-18 03:56:31 CEST.

Flavor Version Tinstall Tcheck Ttotal Status Flags
r-devel-linux-x86_64-debian-clang 1.1.5 102.84 65.19 168.03 OK
r-devel-linux-x86_64-debian-gcc 1.1.5 70.43 47.81 118.24 OK
r-devel-linux-x86_64-fedora-clang 1.1.5 233.91 OK
r-devel-linux-x86_64-fedora-gcc 1.1.5 251.67 OK
r-devel-windows-x86_64 1.1.5 75.00 87.00 162.00 OK
r-patched-linux-x86_64 1.1.5 90.83 62.55 153.38 OK
r-release-linux-x86_64 1.1.5 82.20 61.96 144.16 OK
r-release-macos-arm64 1.1.5 57.00 NOTE
r-release-macos-x86_64 1.1.5 84.00 NOTE
r-release-windows-x86_64 1.1.5 75.00 88.00 163.00 OK
r-oldrel-macos-arm64 1.1.5 65.00 NOTE
r-oldrel-macos-x86_64 1.1.5 110.00 NOTE
r-oldrel-windows-x86_64 1.1.5 93.00 101.00 194.00 OK

Check Details

Version: 1.1.5
Check: installed package size
Result: NOTE installed size is 13.5Mb sub-directories of 1Mb or more: libs 13.0Mb Flavors: r-release-macos-arm64, r-release-macos-x86_64, r-oldrel-macos-arm64, r-oldrel-macos-x86_64