Last updated on 2022-07-06 03:52:10 CEST.
Flavor | Version | Tinstall | Tcheck | Ttotal | Status | Flags |
---|---|---|---|---|---|---|
r-devel-linux-x86_64-debian-clang | 0.2.4 | 98.78 | 111.97 | 210.75 | WARN | |
r-devel-linux-x86_64-debian-gcc | 0.2.4 | 78.16 | 86.56 | 164.72 | OK | |
r-devel-linux-x86_64-fedora-clang | 0.2.4 | 309.24 | WARN | |||
r-devel-linux-x86_64-fedora-gcc | 0.2.4 | 276.37 | OK | |||
r-devel-windows-x86_64 | 0.2.4 | 108.00 | 161.00 | 269.00 | OK | |
r-patched-linux-x86_64 | 0.2.4 | 83.02 | 108.86 | 191.88 | OK | |
r-release-linux-x86_64 | 0.2.4 | 89.22 | 107.39 | 196.61 | OK | |
r-release-macos-arm64 | 0.2.4 | 68.00 | NOTE | |||
r-release-macos-x86_64 | 0.2.4 | 94.00 | NOTE | |||
r-release-windows-x86_64 | 0.2.4 | 124.00 | 166.00 | 290.00 | OK | |
r-oldrel-macos-arm64 | 0.2.4 | 81.00 | NOTE | |||
r-oldrel-macos-x86_64 | 0.2.4 | 130.00 | NOTE | |||
r-oldrel-windows-ix86+x86_64 | 0.2.4 | 251.00 | 235.00 | 486.00 | OK |
Version: 0.2.4
Check: whether package can be installed
Result: WARN
Found the following significant warnings:
Forest.cpp:350:9: warning: use of bitwise '&' with boolean operands [-Wbitwise-instead-of-logical]
Flavors: r-devel-linux-x86_64-debian-clang, r-devel-linux-x86_64-fedora-clang
Version: 0.2.4
Check: installed package size
Result: NOTE
installed size is 6.7Mb
sub-directories of 1Mb or more:
libs 6.4Mb
Flavors: r-release-macos-arm64, r-release-macos-x86_64, r-oldrel-macos-arm64, r-oldrel-macos-x86_64