CRAN Package Check Results for Package blavaan

Last updated on 2024-06-14 15:53:58 CEST.

Flavor Version Tinstall Tcheck Ttotal Status Flags
r-devel-linux-x86_64-debian-clang 0.5-5 894.28 286.57 1180.85 NOTE
r-devel-linux-x86_64-debian-gcc 0.5-5 610.36 224.97 835.33 NOTE
r-devel-linux-x86_64-fedora-clang 0.5-5 674.68 NOTE
r-devel-linux-x86_64-fedora-gcc 0.5-5 977.50 NOTE
r-devel-windows-x86_64 0.5-5 497.00 234.00 731.00 NOTE
r-patched-linux-x86_64 0.5-5 0.01 2.63 2.64 ERROR
r-release-linux-x86_64 0.5-4 535.41 271.26 806.67 NOTE
r-release-macos-arm64 0.5-5 341.00 NOTE
r-release-macos-x86_64 0.5-5 910.00 NOTE
r-release-windows-x86_64 0.5-5 340.00 253.00 593.00 NOTE
r-oldrel-macos-arm64 0.5-5 344.00 NOTE
r-oldrel-macos-x86_64 0.5-5 688.00 NOTE
r-oldrel-windows-x86_64 0.5-5 691.00 302.00 993.00 NOTE

Check Details

Version: 0.5-5
Check: package dependencies
Result: NOTE Package suggested but not available for checking: ‘cmdstanr’ Flavors: r-devel-linux-x86_64-debian-clang, r-devel-linux-x86_64-debian-gcc, r-devel-linux-x86_64-fedora-clang, r-devel-linux-x86_64-fedora-gcc, r-devel-windows-x86_64, r-patched-linux-x86_64, r-release-macos-arm64, r-release-macos-x86_64, r-release-windows-x86_64, r-oldrel-macos-arm64, r-oldrel-macos-x86_64, r-oldrel-windows-x86_64

Version: 0.5-5
Check: for GNU extensions in Makefiles
Result: NOTE GNU make is a SystemRequirements. Flavors: r-devel-linux-x86_64-debian-clang, r-devel-linux-x86_64-debian-gcc, r-devel-linux-x86_64-fedora-clang, r-devel-linux-x86_64-fedora-gcc, r-devel-windows-x86_64, r-release-macos-arm64, r-release-macos-x86_64, r-release-windows-x86_64, r-oldrel-macos-arm64, r-oldrel-macos-x86_64, r-oldrel-windows-x86_64

Version: 0.5-5
Check: installed package size
Result: NOTE installed size is 11.5Mb sub-directories of 1Mb or more: R 1.2Mb libs 8.5Mb testdata 1.4Mb Flavors: r-devel-linux-x86_64-fedora-clang, r-devel-windows-x86_64, r-release-macos-arm64, r-release-macos-x86_64, r-release-windows-x86_64, r-oldrel-macos-arm64, r-oldrel-macos-x86_64, r-oldrel-windows-x86_64

Version: 0.5-5
Check: whether package can be installed
Result: ERROR Installation failed. Flavor: r-patched-linux-x86_64

Version: 0.5-4
Check: package dependencies
Result: NOTE Package suggested but not available for checking: ‘cmdstanr’ Flavor: r-release-linux-x86_64

Version: 0.5-4
Check: for GNU extensions in Makefiles
Result: NOTE GNU make is a SystemRequirements. Flavor: r-release-linux-x86_64