CRAN Package Check Results for Package bkmrhat

Last updated on 2020-10-26 03:48:18 CET.

Flavor Version Tinstall Tcheck Ttotal Status Flags
r-devel-linux-x86_64-debian-clang 1.0.0 15.09 303.02 318.11 OK
r-devel-linux-x86_64-debian-gcc 1.0.0 0.37 2.06 2.43 ERROR
r-devel-linux-x86_64-fedora-clang 1.0.0 383.58 OK
r-devel-linux-x86_64-fedora-gcc 1.0.0 369.81 OK
r-devel-windows-ix86+x86_64 1.0.0 35.00 350.00 385.00 OK
r-patched-linux-x86_64 1.0.0 14.15 282.67 296.82 OK
r-patched-solaris-x86 1.0.0 553.20 OK
r-release-linux-x86_64 1.0.0 12.76 282.12 294.88 OK
r-release-macos-x86_64 1.0.0 OK
r-release-windows-ix86+x86_64 1.0.0 28.00 272.00 300.00 OK
r-oldrel-macos-x86_64 1.0.0 OK
r-oldrel-windows-ix86+x86_64 1.0.0 33.00 331.00 364.00 OK

Check Details

Version: 1.0.0
Check: package dependencies
Result: ERROR
    Package required but not available: ‘rstan’
    
    See section ‘The DESCRIPTION file’ in the ‘Writing R Extensions’
    manual.
Flavor: r-devel-linux-x86_64-debian-gcc