Last updated on 2021-01-26 15:49:40 CET.
Flavor | Version | Tinstall | Tcheck | Ttotal | Status | Flags |
---|---|---|---|---|---|---|
r-devel-linux-x86_64-debian-clang | 1.0.2 | 138.61 | 42.31 | 180.92 | OK | |
r-devel-linux-x86_64-debian-gcc | 1.0.2 | 97.13 | 31.69 | 128.82 | OK | |
r-devel-linux-x86_64-fedora-clang | 1.0.2 | 262.13 | NOTE | |||
r-devel-linux-x86_64-fedora-gcc | 1.0.2 | 229.52 | OK | |||
r-devel-windows-ix86+x86_64 | 1.0.2 | 327.00 | 94.00 | 421.00 | OK | |
r-patched-linux-x86_64 | 1.0.2 | 117.28 | 40.42 | 157.70 | OK | |
r-patched-solaris-x86 | 1.0.2 | 190.80 | OK | |||
r-release-linux-x86_64 | 1.0.2 | 104.31 | 40.73 | 145.04 | OK | |
r-release-macos-x86_64 | 1.0.2 | NOTE | ||||
r-release-windows-ix86+x86_64 | 1.0.2 | 326.00 | 75.00 | 401.00 | OK | |
r-oldrel-macos-x86_64 | 1.0.2 | NOTE | ||||
r-oldrel-windows-ix86+x86_64 | 1.0.2 | 243.00 | 92.00 | 335.00 | OK |
Version: 1.0.2
Check: installed package size
Result: NOTE
installed size is 6.2Mb
sub-directories of 1Mb or more:
libs 6.0Mb
Flavors: r-devel-linux-x86_64-fedora-clang, r-release-macos-x86_64, r-oldrel-macos-x86_64