CRAN Package Check Results for Package biscale

Last updated on 2020-12-01 04:47:30 CET.

Flavor Version Tinstall Tcheck Ttotal Status Flags
r-devel-linux-x86_64-debian-clang 0.2.0 10.10 69.82 79.92 OK
r-devel-linux-x86_64-debian-gcc 0.2.0 6.65 52.53 59.18 OK
r-devel-linux-x86_64-fedora-clang 0.2.0 97.89 OK
r-devel-linux-x86_64-fedora-gcc 0.2.0 90.52 OK
r-devel-windows-ix86+x86_64 0.2.0 16.00 88.00 104.00 OK
r-patched-linux-x86_64 0.2.0 7.43 65.51 72.94 OK
r-patched-solaris-x86 0.2.0 132.20 NOTE
r-release-linux-x86_64 0.2.0 7.89 66.36 74.25 OK
r-release-macos-x86_64 0.2.0 OK
r-release-windows-ix86+x86_64 0.2.0 14.00 63.00 77.00 OK
r-oldrel-macos-x86_64 0.2.0 OK
r-oldrel-windows-ix86+x86_64 0.2.0 12.00 90.00 102.00 OK

Check Details

Version: 0.2.0
Check: installed package size
Result: NOTE
     installed size is 5.2Mb
     sub-directories of 1Mb or more:
     doc 2.6Mb
     help 2.2Mb
Flavor: r-patched-solaris-x86