CRAN Package Check Results for Package bipartiteD3

Last updated on 2024-06-14 03:57:12 CEST.

Flavor Version Tinstall Tcheck Ttotal Status Flags
r-devel-linux-x86_64-debian-clang 0.3.1 3.82 59.97 63.79 OK
r-devel-linux-x86_64-debian-gcc 0.3.1 0.41 1.84 2.25 ERROR
r-devel-linux-x86_64-fedora-clang 0.3.1 89.97 OK
r-devel-linux-x86_64-fedora-gcc 0.3.1 88.02 OK
r-devel-windows-x86_64 0.3.1 6.00 63.00 69.00 OK
r-patched-linux-x86_64 0.3.1 5.34 56.51 61.85 OK
r-release-linux-x86_64 0.3.1 5.14 56.88 62.02 OK
r-release-macos-arm64 0.3.1 37.00 OK
r-release-macos-x86_64 0.3.1 63.00 OK
r-release-windows-x86_64 0.3.1 7.00 66.00 73.00 OK
r-oldrel-macos-arm64 0.3.1 46.00 OK
r-oldrel-macos-x86_64 0.3.1 84.00 OK
r-oldrel-windows-x86_64 0.3.1 8.00 70.00 78.00 OK

Check Details

Version: 0.3.1
Check: package dependencies
Result: ERROR Packages required but not available: 'purrr', 'dplyr', 'tidyr', 'stringr', 'tibble' Package suggested but not available for checking: ‘bipartite’ See section ‘The DESCRIPTION file’ in the ‘Writing R Extensions’ manual. Flavor: r-devel-linux-x86_64-debian-gcc