CRAN Package Check Results for Package bipartite

Last updated on 2020-09-20 03:47:20 CEST.

Flavor Version Tinstall Tcheck Ttotal Status Flags
r-devel-linux-x86_64-debian-clang 2.15 30.15 236.08 266.23 OK
r-devel-linux-x86_64-debian-gcc 2.15 22.40 169.02 191.42 OK
r-devel-linux-x86_64-fedora-clang 2.15 328.43 OK
r-devel-linux-x86_64-fedora-gcc 2.15 309.71 OK
r-devel-windows-ix86+x86_64 2.15 61.00 286.00 347.00 NOTE
r-patched-linux-x86_64 2.15 24.91 223.91 248.82 OK
r-patched-solaris-x86 2.15 372.40 OK
r-release-linux-x86_64 2.15 25.80 222.54 248.34 OK
r-release-macos-x86_64 2.15 OK
r-release-windows-ix86+x86_64 2.15 61.00 278.00 339.00 NOTE
r-oldrel-macos-x86_64 2.15 OK
r-oldrel-windows-ix86+x86_64 2.15 38.00 326.00 364.00 NOTE

Check Details

Version: 2.15
Check: installed package size
Result: NOTE
     installed size is 5.8Mb
     sub-directories of 1Mb or more:
     doc 2.9Mb
     libs 2.0Mb
Flavors: r-devel-windows-ix86+x86_64, r-release-windows-ix86+x86_64, r-oldrel-windows-ix86+x86_64