CRAN Package Check Results for Package biostat3

Last updated on 2022-06-30 03:53:17 CEST.

Flavor Version Tinstall Tcheck Ttotal Status Flags
r-devel-linux-x86_64-debian-clang 0.1.6 8.79 75.58 84.37 OK
r-devel-linux-x86_64-debian-gcc 0.1.6 7.90 58.07 65.97 OK
r-devel-linux-x86_64-fedora-clang 0.1.6 112.76 NOTE
r-devel-linux-x86_64-fedora-gcc 0.1.6 111.76 OK
r-devel-windows-x86_64 0.1.6 60.00 109.00 169.00 NOTE
r-patched-linux-x86_64 0.1.6 10.32 73.08 83.40 OK
r-release-linux-x86_64 0.1.6 7.21 70.93 78.14 OK
r-release-macos-arm64 0.1.6 35.00 NOTE
r-release-macos-x86_64 0.1.6 45.00 NOTE
r-release-windows-x86_64 0.1.6 51.00 104.00 155.00 NOTE
r-oldrel-macos-arm64 0.1.6 36.00 NOTE
r-oldrel-macos-x86_64 0.1.6 48.00 NOTE
r-oldrel-windows-ix86+x86_64 0.1.6 19.00 95.00 114.00 NOTE

Check Details

Version: 0.1.6
Check: installed package size
Result: NOTE
     installed size is 6.1Mb
     sub-directories of 1Mb or more:
     doc 5.5Mb
Flavors: r-devel-linux-x86_64-fedora-clang, r-devel-windows-x86_64, r-release-macos-arm64, r-release-macos-x86_64, r-release-windows-x86_64, r-oldrel-macos-arm64, r-oldrel-macos-x86_64, r-oldrel-windows-ix86+x86_64