CRAN Package Check Results for Package biomartr

Last updated on 2020-09-27 03:46:27 CEST.

Flavor Version Tinstall Tcheck Ttotal Status Flags
r-devel-linux-x86_64-debian-clang 0.9.2 25.14 217.09 242.23 OK
r-devel-linux-x86_64-debian-gcc 0.9.2 22.28 162.84 185.12 OK
r-devel-linux-x86_64-fedora-clang 0.9.2 301.44 NOTE
r-devel-linux-x86_64-fedora-gcc 0.9.2 289.25 NOTE
r-devel-windows-ix86+x86_64 0.9.2 57.00 257.00 314.00 OK
r-patched-linux-x86_64 0.9.2 21.75 201.42 223.17 OK
r-patched-solaris-x86 0.9.2 394.50 NOTE
r-release-linux-x86_64 0.9.2 25.88 201.82 227.70 OK
r-release-macos-x86_64 0.9.2 NOTE
r-release-windows-ix86+x86_64 0.9.2 69.00 289.00 358.00 OK
r-oldrel-macos-x86_64 0.9.2 NOTE
r-oldrel-windows-ix86+x86_64 0.9.2 50.00 242.00 292.00 OK

Check Details

Version: 0.9.2
Check: dependencies in R code
Result: NOTE
    Namespace in Imports field not imported from: ‘fs’
     All declared Imports should be used.
Flavors: r-devel-linux-x86_64-fedora-clang, r-devel-linux-x86_64-fedora-gcc, r-patched-solaris-x86, r-release-macos-x86_64, r-oldrel-macos-x86_64