CRAN Package Check Results for Package binman

Last updated on 2022-08-10 15:51:19 CEST.

Flavor Version Tinstall Tcheck Ttotal Status Flags
r-devel-linux-x86_64-debian-clang 0.1.2 3.64 36.15 39.79 NOTE
r-devel-linux-x86_64-debian-gcc 0.1.2 2.74 28.36 31.10 NOTE
r-devel-linux-x86_64-fedora-clang 0.1.2 58.41 NOTE
r-devel-linux-x86_64-fedora-gcc 0.1.2 56.72 NOTE
r-devel-windows-x86_64 0.1.2 14.00 72.00 86.00 NOTE
r-patched-linux-x86_64 0.1.2 3.57 36.17 39.74 NOTE
r-release-linux-x86_64 0.1.2 NOTE
r-release-macos-arm64 0.1.2 22.00 NOTE
r-release-macos-x86_64 0.1.2 30.00 NOTE
r-release-windows-x86_64 0.1.2 16.00 74.00 90.00 NOTE
r-oldrel-macos-arm64 0.1.2 27.00 NOTE
r-oldrel-macos-x86_64 0.1.2 37.00 NOTE
r-oldrel-windows-ix86+x86_64 0.1.2 8.00 61.00 69.00 NOTE

Check Details

Version: 0.1.2
Check: LazyData
Result: NOTE
     'LazyData' is specified without a 'data' directory
Flavors: r-devel-linux-x86_64-debian-clang, r-devel-linux-x86_64-debian-gcc, r-devel-linux-x86_64-fedora-clang, r-devel-linux-x86_64-fedora-gcc, r-devel-windows-x86_64, r-patched-linux-x86_64, r-release-linux-x86_64, r-release-macos-arm64, r-release-macos-x86_64, r-release-windows-x86_64, r-oldrel-macos-arm64, r-oldrel-macos-x86_64, r-oldrel-windows-ix86+x86_64