CRAN Package Check Results for Package binb

Last updated on 2020-10-21 03:47:16 CEST.

Flavor Version Tinstall Tcheck Ttotal Status Flags
r-devel-linux-x86_64-debian-clang 0.0.6 2.80 44.46 47.26 OK
r-devel-linux-x86_64-debian-gcc 0.0.6 2.07 36.29 38.36 OK
r-devel-linux-x86_64-fedora-clang 0.0.6 73.79 NOTE
r-devel-linux-x86_64-fedora-gcc 0.0.6 63.86 OK
r-devel-windows-ix86+x86_64 0.0.6 5.00 57.00 62.00 OK
r-patched-linux-x86_64 0.0.6 2.97 43.93 46.90 OK
r-patched-solaris-x86 0.0.6 54.80 OK
r-release-linux-x86_64 0.0.6 2.43 43.94 46.37 OK
r-release-macos-x86_64 0.0.6 OK
r-release-windows-ix86+x86_64 0.0.6 5.00 82.00 87.00 OK
r-oldrel-macos-x86_64 0.0.6 OK
r-oldrel-windows-ix86+x86_64 0.0.6 3.00 70.00 73.00 OK

Check Details

Version: 0.0.6
Check: Rd cross-references
Result: NOTE
    Undeclared packages ‘tint’, ‘pinp’, ‘linl’ in Rd xrefs
Flavor: r-devel-linux-x86_64-fedora-clang