CRAN Package Check Results for Package bigtime

Last updated on 2024-07-15 03:49:22 CEST.

Flavor Version Tinstall Tcheck Ttotal Status Flags
r-devel-linux-x86_64-debian-clang 0.2.3 73.88 61.41 135.29 OK
r-devel-linux-x86_64-debian-gcc 0.2.3 55.65 48.43 104.08 OK
r-devel-linux-x86_64-fedora-clang 0.2.3 196.43 OK
r-devel-linux-x86_64-fedora-gcc 0.2.3 216.04 OK
r-devel-windows-x86_64 0.2.3 67.00 91.00 158.00 OK
r-patched-linux-x86_64 0.2.3 68.15 61.70 129.85 OK
r-release-linux-x86_64 0.2.3 64.58 60.85 125.43 OK
r-release-macos-arm64 0.2.3 44.00 NOTE
r-release-macos-x86_64 0.2.3 54.00 NOTE
r-release-windows-x86_64 0.2.3 65.00 90.00 155.00 OK
r-oldrel-macos-arm64 0.2.3 53.00 NOTE
r-oldrel-macos-x86_64 0.2.3 82.00 NOTE
r-oldrel-windows-x86_64 0.2.3 79.00 107.00 186.00 OK

Check Details

Version: 0.2.3
Check: installed package size
Result: NOTE installed size is 5.6Mb sub-directories of 1Mb or more: libs 4.6Mb Flavors: r-release-macos-arm64, r-release-macos-x86_64, r-oldrel-macos-arm64, r-oldrel-macos-x86_64