CRAN Package Check Results for Package bigstatsr

Last updated on 2020-09-28 15:47:36 CEST.

Flavor Version Tinstall Tcheck Ttotal Status Flags
r-devel-linux-x86_64-debian-clang 1.2.3 235.77 259.61 495.38 OK
r-devel-linux-x86_64-debian-gcc 1.2.3 170.44 203.32 373.76 OK
r-devel-linux-x86_64-fedora-clang 1.2.3 671.03 NOTE
r-devel-linux-x86_64-fedora-gcc 1.2.3 637.63 OK
r-devel-windows-ix86+x86_64 1.2.3 626.00 629.00 1255.00 NOTE
r-patched-linux-x86_64 1.2.3 180.11 263.13 443.24 OK
r-patched-solaris-x86 1.2.3 773.00 OK
r-release-linux-x86_64 1.2.3 181.71 257.02 438.73 OK
r-release-macos-x86_64 1.2.3 NOTE
r-release-windows-ix86+x86_64 1.2.3 615.00 645.00 1260.00 NOTE
r-oldrel-macos-x86_64 1.2.3 NOTE
r-oldrel-windows-ix86+x86_64 1.2.3 538.00 534.00 1072.00 NOTE

Check Details

Version: 1.2.3
Check: installed package size
Result: NOTE
     installed size is 15.2Mb
     sub-directories of 1Mb or more:
     extdata 2.3Mb
     libs 12.3Mb
Flavors: r-devel-linux-x86_64-fedora-clang, r-devel-windows-ix86+x86_64, r-release-macos-x86_64, r-release-windows-ix86+x86_64, r-oldrel-macos-x86_64, r-oldrel-windows-ix86+x86_64