Last updated on 2022-07-05 15:52:40 CEST.
Flavor | Version | Tinstall | Tcheck | Ttotal | Status | Flags |
---|---|---|---|---|---|---|
r-devel-linux-x86_64-debian-clang | 0.0.1 | 38.43 | 36.40 | 74.83 | OK | |
r-devel-linux-x86_64-debian-gcc | 0.0.1 | 32.83 | 28.38 | 61.21 | OK | |
r-devel-linux-x86_64-fedora-clang | 0.0.1 | 118.60 | NOTE | |||
r-devel-linux-x86_64-fedora-gcc | 0.0.1 | 105.06 | NOTE | |||
r-devel-windows-x86_64 | 0.0.1 | 40.00 | 80.00 | 120.00 | OK | |
r-patched-linux-x86_64 | 0.0.1 | 30.29 | 35.94 | 66.23 | OK | |
r-release-linux-x86_64 | 0.0.1 | 29.93 | 35.05 | 64.98 | OK | |
r-release-macos-arm64 | 0.0.1 | 33.00 | NOTE | |||
r-release-macos-x86_64 | 0.0.1 | 41.00 | NOTE | |||
r-release-windows-x86_64 | 0.0.1 | 108.00 | 82.00 | 190.00 | OK | |
r-oldrel-macos-arm64 | 0.0.1 | 42.00 | NOTE | |||
r-oldrel-macos-x86_64 | 0.0.1 | 57.00 | NOTE | |||
r-oldrel-windows-ix86+x86_64 | 0.0.1 | 100.00 | 98.00 | 198.00 | OK |
Version: 0.0.1
Check: dependencies in R code
Result: NOTE
Namespace in Imports field not imported from: ‘survival’
All declared Imports should be used.
Flavors: r-devel-linux-x86_64-fedora-clang, r-devel-linux-x86_64-fedora-gcc, r-release-macos-arm64, r-release-macos-x86_64, r-oldrel-macos-arm64, r-oldrel-macos-x86_64