CRAN Package Check Results for Package bigQueryR

Last updated on 2020-09-23 16:38:36 CEST.

Flavor Version Tinstall Tcheck Ttotal Status Flags
r-devel-linux-x86_64-debian-clang 0.5.0 3.95 39.78 43.73 OK
r-devel-linux-x86_64-debian-gcc 0.5.0 3.99 31.63 35.62 OK
r-devel-linux-x86_64-fedora-clang 0.5.0 60.76 NOTE
r-devel-linux-x86_64-fedora-gcc 0.5.0 53.84 OK
r-devel-windows-ix86+x86_64 0.5.0 15.00 59.00 74.00 OK
r-patched-linux-x86_64 0.5.0 4.46 39.08 43.54 OK
r-patched-solaris-x86 0.5.0 76.60 OK
r-release-linux-x86_64 0.5.0 4.54 38.57 43.11 OK
r-release-macos-x86_64 0.5.0 OK
r-release-windows-ix86+x86_64 0.5.0 9.00 61.00 70.00 OK
r-oldrel-macos-x86_64 0.5.0 OK
r-oldrel-windows-ix86+x86_64 0.5.0 7.00 59.00 66.00 OK

Check Details

Version: 0.5.0
Check: Rd cross-references
Result: NOTE
    Undeclared package ‘bigrquery’ in Rd xrefs
Flavor: r-devel-linux-x86_64-fedora-clang