Last updated on 2025-01-18 04:48:20 CET.
Flavor | Version | Tinstall | Tcheck | Ttotal | Status | Flags |
---|---|---|---|---|---|---|
r-devel-linux-x86_64-debian-clang | 0.5.5 | 24.18 | 122.85 | 147.03 | OK | |
r-devel-linux-x86_64-debian-gcc | 0.5.5 | 18.13 | 87.57 | 105.70 | OK | |
r-devel-linux-x86_64-fedora-clang | 0.5.5 | 232.68 | OK | |||
r-devel-linux-x86_64-fedora-gcc | 0.5.5 | 216.74 | OK | |||
r-devel-windows-x86_64 | 0.5.5 | 25.00 | 129.00 | 154.00 | OK | |
r-patched-linux-x86_64 | 0.5.5 | 24.49 | 114.64 | 139.13 | NOTE | |
r-release-linux-x86_64 | 0.5.5 | 22.54 | 115.65 | 138.19 | NOTE | |
r-release-macos-arm64 | 0.5.5 | 69.00 | NOTE | |||
r-release-macos-x86_64 | 0.5.5 | 169.00 | NOTE | |||
r-release-windows-x86_64 | 0.5.5 | 27.00 | 129.00 | 156.00 | OK | |
r-oldrel-macos-arm64 | 0.5.5 | 71.00 | NOTE | |||
r-oldrel-macos-x86_64 | 0.5.5 | 151.00 | NOTE | |||
r-oldrel-windows-x86_64 | 0.5.5 | 28.00 | 160.00 | 188.00 | NOTE |
Version: 0.5.5
Check: package dependencies
Result: NOTE
Package suggested but not available for checking: ‘INLA’
Flavors: r-patched-linux-x86_64, r-release-linux-x86_64, r-release-macos-arm64, r-release-macos-x86_64, r-oldrel-macos-arm64, r-oldrel-macos-x86_64, r-oldrel-windows-x86_64
Version: 0.5.5
Check: installed package size
Result: NOTE
installed size is 5.6Mb
sub-directories of 1Mb or more:
data 5.2Mb
Flavors: r-release-macos-arm64, r-release-macos-x86_64, r-oldrel-macos-arm64, r-oldrel-macos-x86_64