CRAN Package Check Results for Package biclust

Last updated on 2024-06-13 15:48:14 CEST.

Flavor Version Tinstall Tcheck Ttotal Status Flags
r-devel-linux-x86_64-debian-clang 2.0.3.1 20.61 137.22 157.83 OK
r-devel-linux-x86_64-debian-gcc 2.0.3.1 0.33 1.70 2.03 ERROR
r-devel-linux-x86_64-fedora-clang 2.0.3.1 186.18 OK
r-devel-linux-x86_64-fedora-gcc 2.0.3.1 174.96 OK
r-devel-windows-x86_64 2.0.3.1 15.00 110.00 125.00 OK
r-patched-linux-x86_64 2.0.3.1 20.87 126.07 146.94 OK
r-release-linux-x86_64 2.0.3.1 16.67 128.47 145.14 OK
r-release-macos-arm64 2.0.3.1 49.00 OK
r-release-macos-x86_64 2.0.3.1 79.00 OK
r-release-windows-x86_64 2.0.3.1 18.00 110.00 128.00 OK
r-oldrel-macos-arm64 2.0.3.1 53.00 OK
r-oldrel-macos-x86_64 2.0.3.1 109.00 OK
r-oldrel-windows-x86_64 2.0.3.1 22.00 140.00 162.00 OK

Check Details

Version: 2.0.3.1
Check: package dependencies
Result: ERROR Packages required but not available: 'tidyr', 'ggplot2' See section ‘The DESCRIPTION file’ in the ‘Writing R Extensions’ manual. Flavor: r-devel-linux-x86_64-debian-gcc