Last updated on 2022-06-29 03:52:34 CEST.
Flavor | Version | Tinstall | Tcheck | Ttotal | Status | Flags |
---|---|---|---|---|---|---|
r-devel-linux-x86_64-debian-clang | 4.0.0 | 25.17 | 246.04 | 271.21 | OK | |
r-devel-linux-x86_64-debian-gcc | 4.0.0 | 22.74 | 180.93 | 203.67 | OK | |
r-devel-linux-x86_64-fedora-clang | 4.0.0 | 324.19 | NOTE | |||
r-devel-linux-x86_64-fedora-gcc | 4.0.0 | 323.19 | OK | |||
r-devel-windows-x86_64 | 4.0.0 | 69.00 | 268.00 | 337.00 | OK | |
r-patched-linux-x86_64 | 4.0.0 | 27.97 | 233.78 | 261.75 | OK | |
r-release-linux-x86_64 | 4.0.0 | 21.72 | 232.82 | 254.54 | OK | |
r-release-macos-arm64 | 4.0.0 | 73.00 | OK | |||
r-release-macos-x86_64 | 4.0.0 | 119.00 | OK | |||
r-release-windows-x86_64 | 4.0.0 | 55.00 | 266.00 | 321.00 | OK | |
r-oldrel-macos-arm64 | 4.0.0 | 60.00 | OK | |||
r-oldrel-macos-x86_64 | 4.0.0 | 117.00 | OK | |||
r-oldrel-windows-ix86+x86_64 | 4.0.0 | 53.00 | 280.00 | 333.00 | OK |
Version: 4.0.0
Check: package dependencies
Result: NOTE
Imports includes 24 non-default packages.
Importing from so many packages makes the package vulnerable to any of
them becoming unavailable. Move as many as possible to Suggests and
use conditionally.
Flavor: r-devel-linux-x86_64-fedora-clang