CRAN Package Check Results for Package biasbetareg

Last updated on 2020-08-13 15:50:55 CEST.

Flavor Version Tinstall Tcheck Ttotal Status Flags
r-devel-linux-x86_64-debian-clang 1.0 4.29 35.86 40.15 NOTE
r-devel-linux-x86_64-debian-gcc 1.0 4.29 28.04 32.33 NOTE
r-devel-linux-x86_64-fedora-clang 1.0 57.17 NOTE
r-devel-linux-x86_64-fedora-gcc 1.0 47.65 NOTE
r-devel-windows-ix86+x86_64 1.0 13.00 41.00 54.00 NOTE
r-patched-linux-x86_64 1.0 3.83 35.33 39.16 NOTE
r-patched-solaris-x86 1.0 72.00 NOTE
r-release-linux-x86_64 1.0 5.63 34.64 40.27 NOTE
r-release-macos-x86_64 1.0 NOTE
r-release-windows-ix86+x86_64 1.0 15.00 49.00 64.00 NOTE
r-oldrel-macos-x86_64 1.0 NOTE
r-oldrel-windows-ix86+x86_64 1.0 7.00 60.00 67.00 NOTE

Check Details

Version: 1.0
Check: dependencies in R code
Result: NOTE
    Package in Depends field not imported from: 'betareg'
     These packages need to be imported from (in the NAMESPACE file)
     for when this namespace is loaded but not attached.
Flavors: r-devel-linux-x86_64-debian-clang, r-devel-linux-x86_64-debian-gcc, r-devel-linux-x86_64-fedora-clang, r-devel-linux-x86_64-fedora-gcc, r-devel-windows-ix86+x86_64, r-patched-linux-x86_64, r-patched-solaris-x86, r-release-linux-x86_64, r-release-macos-x86_64, r-release-windows-ix86+x86_64, r-oldrel-macos-x86_64, r-oldrel-windows-ix86+x86_64

Version: 1.0
Check: R code for possible problems
Result: NOTE
    bias: no visible global function definition for 'predict'
    bias: no visible global function definition for 'pnorm'
    bias: no visible global function definition for 'model.matrix'
    Undefined global functions or variables:
     model.matrix pnorm predict
    Consider adding
     importFrom("stats", "model.matrix", "pnorm", "predict")
    to your NAMESPACE file.
Flavors: r-devel-linux-x86_64-debian-clang, r-devel-linux-x86_64-debian-gcc, r-devel-linux-x86_64-fedora-clang, r-devel-linux-x86_64-fedora-gcc, r-devel-windows-ix86+x86_64, r-patched-linux-x86_64, r-patched-solaris-x86, r-release-linux-x86_64, r-release-macos-x86_64, r-release-windows-ix86+x86_64, r-oldrel-macos-x86_64, r-oldrel-windows-ix86+x86_64