CRAN Package Check Results for Package biClassify

Last updated on 2021-09-22 03:48:49 CEST.

Flavor Version Tinstall Tcheck Ttotal Status Flags
r-devel-linux-x86_64-debian-clang 1.2 36.77 77.86 114.63 OK
r-devel-linux-x86_64-debian-gcc 1.2 26.08 61.36 87.44 OK
r-devel-linux-x86_64-fedora-clang 1.2 157.97 NOTE
r-devel-linux-x86_64-fedora-gcc 1.2 142.12 NOTE
r-devel-windows-x86_64 1.2 36.00 93.00 129.00 OK
r-devel-windows-x86_64-gcc10-UCRT 1.2 ERROR
r-patched-linux-x86_64 1.2 27.74 76.17 103.91 OK
r-patched-solaris-x86 1.2 200.50 NOTE
r-release-linux-x86_64 1.2 31.94 75.59 107.53 OK
r-release-macos-arm64 1.2 NOTE
r-release-macos-x86_64 1.2 NOTE
r-release-windows-ix86+x86_64 1.2 90.00 165.00 255.00 OK
r-oldrel-macos-x86_64 1.2 NOTE
r-oldrel-windows-ix86+x86_64 1.2 87.00 187.00 274.00 OK

Check Details

Version: 1.2
Check: dependencies in R code
Result: NOTE
    Namespaces in Imports field not imported from:
     ‘DAAG’ ‘datasets’ ‘expm’ ‘mvtnorm’
     All declared Imports should be used.
Flavors: r-devel-linux-x86_64-fedora-clang, r-devel-linux-x86_64-fedora-gcc, r-patched-solaris-x86, r-release-macos-arm64, r-release-macos-x86_64, r-oldrel-macos-x86_64

Version: 1.2
Check: whether package can be installed
Result: ERROR
    Installation failed.
Flavor: r-devel-windows-x86_64-gcc10-UCRT